{"version":"1.0","provider_name":"Agencia Funer\u00e1ria Ferreira - Ponta Delgada - S\u00e3o Miguel - A\u00e7ores","provider_url":"https:\/\/funerariaferreira.pt\/en\/","title":"Jos\u00e9 de Almeida Pav\u00e3o J\u00fanior - Agencia Funer\u00e1ria Ferreira - Ponta Delgada - S\u00e3o Miguel - A\u00e7ores","type":"rich","width":600,"height":338,"html":"<blockquote class=\"wp-embedded-content\" data-secret=\"YvYcEfyQQD\"><a href=\"https:\/\/funerariaferreira.pt\/en\/jose-de-almeida-pavao-junior\/\">Jos\u00e9 de Almeida Pav\u00e3o J\u00fanior<\/a><\/blockquote><iframe sandbox=\"allow-scripts\" security=\"restricted\" src=\"https:\/\/funerariaferreira.pt\/en\/jose-de-almeida-pavao-junior\/embed\/#?secret=YvYcEfyQQD\" width=\"600\" height=\"338\" title=\"&#8220;Jos\u00e9 de Almeida Pav\u00e3o J\u00fanior&#8221; &#8212; Agencia Funer\u00e1ria Ferreira - Ponta Delgada - S\u00e3o Miguel - A\u00e7ores\" data-secret=\"YvYcEfyQQD\" frameborder=\"0\" marginwidth=\"0\" marginheight=\"0\" scrolling=\"no\" class=\"wp-embedded-content\"><\/iframe><script type=\"text\/javascript\">\n\/* <![CDATA[ *\/\n\/*! This file is auto-generated *\/\n!function(d,l){\"use strict\";l.querySelector&&d.addEventListener&&\"undefined\"!=typeof URL&&(d.wp=d.wp||{},d.wp.receiveEmbedMessage||(d.wp.receiveEmbedMessage=function(e){var t=e.data;if((t||t.secret||t.message||t.value)&&!\/[^a-zA-Z0-9]\/.test(t.secret)){for(var s,r,n,a=l.querySelectorAll('iframe[data-secret=\"'+t.secret+'\"]'),o=l.querySelectorAll('blockquote[data-secret=\"'+t.secret+'\"]'),c=new RegExp(\"^https?:$\",\"i\"),i=0;i<o.length;i++)o[i].style.display=\"none\";for(i=0;i<a.length;i++)s=a[i],e.source===s.contentWindow&&(s.removeAttribute(\"style\"),\"height\"===t.message?(1e3<(r=parseInt(t.value,10))?r=1e3:~~r<200&&(r=200),s.height=r):\"link\"===t.message&&(r=new URL(s.getAttribute(\"src\")),n=new URL(t.value),c.test(n.protocol))&&n.host===r.host&&l.activeElement===s&&(d.top.location.href=t.value))}},d.addEventListener(\"message\",d.wp.receiveEmbedMessage,!1),l.addEventListener(\"DOMContentLoaded\",function(){for(var e,t,s=l.querySelectorAll(\"iframe.wp-embedded-content\"),r=0;r<s.length;r++)(t=(e=s[r]).getAttribute(\"data-secret\"))||(t=Math.random().toString(36).substring(2,12),e.src+=\"#?secret=\"+t,e.setAttribute(\"data-secret\",t)),e.contentWindow.postMessage({message:\"ready\",secret:t},\"*\")},!1)))}(window,document);\n\/\/# sourceURL=https:\/\/funerariaferreira.pt\/wp-includes\/js\/wp-embed.min.js\n\/* ]]> *\/\n<\/script>\n","thumbnail_url":"https:\/\/funerariaferreira.pt\/wp-content\/uploads\/2026\/03\/jose-de-almeida-pavao-junior-1536-x-2048-768x1024.png","thumbnail_width":768,"thumbnail_height":1024,"description":"This page serves as a dignified tribute to the life and extensive legacy of Jos\u00e9 de Almeida Pav\u00e3o J\u00fanior (1919\u20132003), an eminent professor, writer, researcher, and Commander of the Order of Public Instruction. Through this biography, Funer\u00e1ria Ferreira honours the memory of a man who dedicated his life to Azorean education and culture, serving as Rector of the Liceu Antero de Quental and Professor at the University of the Azores. The content details his academic journey in Philology, his prolific literary works, including iconic titles such as \"Os Xailes Negros\", and his fundamental role in preserving the identity and ethnography of S\u00e3o Miguel. It is a memorial space celebrating a citizen whose contributions profoundly shaped Azorean society and literature during the 20th century."}

Agencia Funerária Ferreira - Ponta Delgada - São Miguel - Açores

José de Almeida Pavão Júnior - Agencia Funerária Ferreira - Ponta Delgada - São Miguel - Açores

<blockquote class="wp-embedded-content" data-secret="YvYcEfyQQD"><a href="https://funerariaferreira.pt/en/jose-de-almeida-pavao-junior/">José de Almeida Pavão Júnior</a></blockquote><iframe sandbox="allow-scripts" security="restricted" src="https://funerariaferreira.pt/en/jose-de-almeida-pavao-junior/embed/#?secret=YvYcEfyQQD" width="600" height="338" title="&#8220;José de Almeida Pavão Júnior&#8221; &#8212; Agencia Funerária Ferreira - Ponta Delgada - São Miguel - Açores" data-secret="YvYcEfyQQD" frameborder="0" marginwidth="0" marginheight="0" scrolling="no" class="wp-embedded-content"></iframe><script type="text/javascript">
/* <![CDATA[ */
/*! This file is auto-generated */
!function(d,l){"use strict";l.querySelector&&d.addEventListener&&"undefined"!=typeof URL&&(d.wp=d.wp||{},d.wp.receiveEmbedMessage||(d.wp.receiveEmbedMessage=function(e){var t=e.data;if((t||t.secret||t.message||t.value)&&!/[^a-zA-Z0-9]/.test(t.secret)){for(var s,r,n,a=l.querySelectorAll('iframe[data-secret="'+t.secret+'"]'),o=l.querySelectorAll('blockquote[data-secret="'+t.secret+'"]'),c=new RegExp("^https?:$","i"),i=0;i<o.length;i++)o[i].style.display="none";for(i=0;i<a.length;i++)s=a[i],e.source===s.contentWindow&&(s.removeAttribute("style"),"height"===t.message?(1e3<(r=parseInt(t.value,10))?r=1e3:~~r<200&&(r=200),s.height=r):"link"===t.message&&(r=new URL(s.getAttribute("src")),n=new URL(t.value),c.test(n.protocol))&&n.host===r.host&&l.activeElement===s&&(d.top.location.href=t.value))}},d.addEventListener("message",d.wp.receiveEmbedMessage,!1),l.addEventListener("DOMContentLoaded",function(){for(var e,t,s=l.querySelectorAll("iframe.wp-embedded-content"),r=0;r<s.length;r++)(t=(e=s[r]).getAttribute("data-secret"))||(t=Math.random().toString(36).substring(2,12),e.src+="#?secret="+t,e.setAttribute("data-secret",t)),e.contentWindow.postMessage({message:"ready",secret:t},"*")},!1)))}(window,document);
//# sourceURL=https://funerariaferreira.pt/wp-includes/js/wp-embed.min.js
/* ]]> */
</script>

This page serves as a dignified tribute to the life and extensive legacy of José de Almeida Pavão Júnior (1919–2003), an eminent professor, writer, researcher, and Commander of the Order of Public Instruction. Through this biography, Funerária Ferreira honours the memory of a man who dedicated his life to Azorean education and culture, serving as Rector of the Liceu Antero de Quental and Professor at the University of the Azores. The content details his academic journey in Philology, his prolific literary works, including iconic titles such as "Os Xailes Negros", and his fundamental role in preserving the identity and ethnography of São Miguel. It is a memorial space celebrating a citizen whose contributions profoundly shaped Azorean society and literature during the 20th century.
