{"id":3034,"date":"2013-10-05T19:50:39","date_gmt":"2013-10-05T19:50:39","guid":{"rendered":"http:\/\/www.funerariaferreira.pt\/wp-content\/uploads\/2013\/10\/D-Jaime-Goulart.jpg"},"modified":"2013-10-05T19:50:39","modified_gmt":"2013-10-05T19:50:39","slug":"d-jaime-goulart-2","status":"inherit","type":"attachment","link":"https:\/\/funerariaferreira.pt\/en\/dom-jaime-garcia-goulart-bispo-de-dili\/d-jaime-goulart-2\/","title":{"rendered":"D Jaime Goulart"},"author":2,"featured_media":0,"comment_status":"open","ping_status":"open","template":"","meta":{"_acf_changed":false},"class_list":["post-3034","attachment","type-attachment","status-inherit","hentry"],"acf":[],"yoast_head":"<!-- This site is optimized with the Yoast SEO plugin v27.1.1 - https:\/\/yoast.com\/product\/yoast-seo-wordpress\/ -->\n<title>D Jaime Goulart - Agencia Funer\u00e1ria Ferreira - Ponta Delgada - S\u00e3o Miguel - A\u00e7ores<\/title>\n<meta name=\"robots\" content=\"index, follow, max-snippet:-1, max-image-preview:large, max-video-preview:-1\" \/>\n<link rel=\"canonical\" href=\"https:\/\/funerariaferreira.pt\/wp-content\/uploads\/2013\/10\/D-Jaime-Goulart.jpg\" \/>\n<meta property=\"og:locale\" content=\"en_US\" \/>\n<meta property=\"og:type\" content=\"article\" \/>\n<meta property=\"og:title\" content=\"D Jaime Goulart - Agencia Funer\u00e1ria Ferreira - Ponta Delgada - S\u00e3o Miguel - A\u00e7ores\" \/>\n<meta property=\"og:url\" content=\"https:\/\/funerariaferreira.pt\/wp-content\/uploads\/2013\/10\/D-Jaime-Goulart.jpg\" \/>\n<meta property=\"og:site_name\" content=\"Agencia Funer\u00e1ria Ferreira - Ponta Delgada - S\u00e3o Miguel - A\u00e7ores\" \/>\n<meta property=\"og:image\" content=\"https:\/\/funerariaferreira.pt\/wp-content\/uploads\/2013\/10\/D-Jaime-Goulart.jpg\" \/>\n\t<meta property=\"og:image:width\" content=\"641\" \/>\n\t<meta property=\"og:image:height\" content=\"928\" \/>\n\t<meta property=\"og:image:type\" content=\"image\/jpeg\" \/>\n<meta name=\"twitter:card\" content=\"summary_large_image\" \/>\n<script type=\"application\/ld+json\" class=\"yoast-schema-graph\">{\"@context\":\"https:\/\/schema.org\",\"@graph\":[{\"@type\":\"WebPage\",\"@id\":\"https:\/\/funerariaferreira.pt\/wp-content\/uploads\/2013\/10\/D-Jaime-Goulart.jpg\",\"url\":\"https:\/\/funerariaferreira.pt\/wp-content\/uploads\/2013\/10\/D-Jaime-Goulart.jpg\",\"name\":\"D Jaime Goulart - Agencia Funer\u00e1ria Ferreira - Ponta Delgada - S\u00e3o Miguel - A\u00e7ores\",\"isPartOf\":{\"@id\":\"https:\/\/funerariaferreira.pt\/#website\"},\"datePublished\":\"2013-10-05T19:50:39+00:00\",\"breadcrumb\":{\"@id\":\"https:\/\/funerariaferreira.pt\/wp-content\/uploads\/2013\/10\/D-Jaime-Goulart.jpg#breadcrumb\"},\"inLanguage\":\"en-US\",\"potentialAction\":[{\"@type\":\"ReadAction\",\"target\":[\"https:\/\/funerariaferreira.pt\/wp-content\/uploads\/2013\/10\/D-Jaime-Goulart.jpg\"]}]},{\"@type\":\"BreadcrumbList\",\"@id\":\"https:\/\/funerariaferreira.pt\/wp-content\/uploads\/2013\/10\/D-Jaime-Goulart.jpg#breadcrumb\",\"itemListElement\":[{\"@type\":\"ListItem\",\"position\":1,\"name\":\"Home\",\"item\":\"https:\/\/funerariaferreira.pt\/\"},{\"@type\":\"ListItem\",\"position\":2,\"name\":\"Dom Jaime Garcia Goulart, Bishop of Dili\",\"item\":\"https:\/\/funerariaferreira.pt\/en\/dom-jaime-garcia-goulart-bispo-de-dili\/\"},{\"@type\":\"ListItem\",\"position\":3,\"name\":\"D Jaime Goulart\"}]},{\"@type\":\"WebSite\",\"@id\":\"https:\/\/funerariaferreira.pt\/#website\",\"url\":\"https:\/\/funerariaferreira.pt\/\",\"name\":\"Agencia Funer\u00e1ria Ferreira - Ponta Delgada - S\u00e3o Miguel - A\u00e7ores\",\"description\":\"\",\"potentialAction\":[{\"@type\":\"SearchAction\",\"target\":{\"@type\":\"EntryPoint\",\"urlTemplate\":\"https:\/\/funerariaferreira.pt\/?s={search_term_string}\"},\"query-input\":{\"@type\":\"PropertyValueSpecification\",\"valueRequired\":true,\"valueName\":\"search_term_string\"}}],\"inLanguage\":\"en-US\"}]}<\/script>\n<!-- \/ Yoast SEO plugin. -->","yoast_head_json":{"title":"D Jaime Goulart - Agencia Funer\u00e1ria Ferreira - Ponta Delgada - S\u00e3o Miguel - A\u00e7ores","robots":{"index":"index","follow":"follow","max-snippet":"max-snippet:-1","max-image-preview":"max-image-preview:large","max-video-preview":"max-video-preview:-1"},"canonical":"https:\/\/funerariaferreira.pt\/wp-content\/uploads\/2013\/10\/D-Jaime-Goulart.jpg","og_locale":"en_US","og_type":"article","og_title":"D Jaime Goulart - Agencia Funer\u00e1ria Ferreira - Ponta Delgada - S\u00e3o Miguel - A\u00e7ores","og_url":"https:\/\/funerariaferreira.pt\/wp-content\/uploads\/2013\/10\/D-Jaime-Goulart.jpg","og_site_name":"Agencia Funer\u00e1ria Ferreira - Ponta Delgada - S\u00e3o Miguel - A\u00e7ores","og_image":[{"width":641,"height":928,"url":"https:\/\/funerariaferreira.pt\/wp-content\/uploads\/2013\/10\/D-Jaime-Goulart.jpg","type":"image\/jpeg"}],"twitter_card":"summary_large_image","schema":{"@context":"https:\/\/schema.org","@graph":[{"@type":"WebPage","@id":"https:\/\/funerariaferreira.pt\/wp-content\/uploads\/2013\/10\/D-Jaime-Goulart.jpg","url":"https:\/\/funerariaferreira.pt\/wp-content\/uploads\/2013\/10\/D-Jaime-Goulart.jpg","name":"D Jaime Goulart - Agencia Funer\u00e1ria Ferreira - Ponta Delgada - S\u00e3o Miguel - A\u00e7ores","isPartOf":{"@id":"https:\/\/funerariaferreira.pt\/#website"},"datePublished":"2013-10-05T19:50:39+00:00","breadcrumb":{"@id":"https:\/\/funerariaferreira.pt\/wp-content\/uploads\/2013\/10\/D-Jaime-Goulart.jpg#breadcrumb"},"inLanguage":"en-US","potentialAction":[{"@type":"ReadAction","target":["https:\/\/funerariaferreira.pt\/wp-content\/uploads\/2013\/10\/D-Jaime-Goulart.jpg"]}]},{"@type":"BreadcrumbList","@id":"https:\/\/funerariaferreira.pt\/wp-content\/uploads\/2013\/10\/D-Jaime-Goulart.jpg#breadcrumb","itemListElement":[{"@type":"ListItem","position":1,"name":"Home","item":"https:\/\/funerariaferreira.pt\/"},{"@type":"ListItem","position":2,"name":"Dom Jaime Garcia Goulart, Bishop of Dili","item":"https:\/\/funerariaferreira.pt\/en\/dom-jaime-garcia-goulart-bispo-de-dili\/"},{"@type":"ListItem","position":3,"name":"D Jaime Goulart"}]},{"@type":"WebSite","@id":"https:\/\/funerariaferreira.pt\/#website","url":"https:\/\/funerariaferreira.pt\/","name":"Agencia Funer\u00e1ria Ferreira - Ponta Delgada - S\u00e3o Miguel - A\u00e7ores","description":"","potentialAction":[{"@type":"SearchAction","target":{"@type":"EntryPoint","urlTemplate":"https:\/\/funerariaferreira.pt\/?s={search_term_string}"},"query-input":{"@type":"PropertyValueSpecification","valueRequired":true,"valueName":"search_term_string"}}],"inLanguage":"en-US"}]}},"description":{"rendered":"<p class=\"attachment\"><a href='https:\/\/funerariaferreira.pt\/wp-content\/uploads\/2013\/10\/D-Jaime-Goulart.jpg' rel=\"lightbox[3034]\"><img loading=\"lazy\" decoding=\"async\" width=\"207\" height=\"300\" src=\"https:\/\/funerariaferreira.pt\/wp-content\/uploads\/2013\/10\/D-Jaime-Goulart-207x300.jpg\" class=\"attachment-medium size-medium\" alt=\"\" srcset=\"https:\/\/funerariaferreira.pt\/wp-content\/uploads\/2013\/10\/D-Jaime-Goulart-207x300.jpg 207w, https:\/\/funerariaferreira.pt\/wp-content\/uploads\/2013\/10\/D-Jaime-Goulart.jpg 641w\" sizes=\"auto, (max-width: 207px) 100vw, 207px\" \/><\/a><\/p>\n"},"caption":{"rendered":""},"alt_text":"","media_type":"image","mime_type":"image\/jpeg","media_details":{"width":641,"height":928,"file":"2013\/10\/D-Jaime-Goulart.jpg","sizes":{"thumbnail":{"file":"D-Jaime-Goulart-150x150.jpg","width":150,"height":150,"mime_type":"image\/jpeg","source_url":"https:\/\/funerariaferreira.pt\/wp-content\/uploads\/2013\/10\/D-Jaime-Goulart-150x150.jpg"},"medium":{"file":"D-Jaime-Goulart-207x300.jpg","width":207,"height":300,"mime_type":"image\/jpeg","source_url":"https:\/\/funerariaferreira.pt\/wp-content\/uploads\/2013\/10\/D-Jaime-Goulart-207x300.jpg"},"quadradoimg":{"file":"D-Jaime-Goulart-290x165.jpg","width":290,"height":165,"mime_type":"image\/jpeg","source_url":"https:\/\/funerariaferreira.pt\/wp-content\/uploads\/2013\/10\/D-Jaime-Goulart-290x165.jpg"},"quadradoimgservicos":{"file":"D-Jaime-Goulart-200x200.jpg","width":200,"height":200,"mime_type":"image\/jpeg","source_url":"https:\/\/funerariaferreira.pt\/wp-content\/uploads\/2013\/10\/D-Jaime-Goulart-200x200.jpg"},"post-thumbnail":{"file":"D-Jaime-Goulart-641x198.jpg","width":641,"height":198,"mime_type":"image\/jpeg","source_url":"https:\/\/funerariaferreira.pt\/wp-content\/uploads\/2013\/10\/D-Jaime-Goulart-641x198.jpg"},"full":{"file":"D-Jaime-Goulart.jpg","width":641,"height":928,"mime_type":"image\/jpeg","source_url":"https:\/\/funerariaferreira.pt\/wp-content\/uploads\/2013\/10\/D-Jaime-Goulart.jpg"}},"image_meta":{"aperture":0,"credit":"","camera":"","caption":"","created_timestamp":1380998862,"copyright":"","focal_length":0,"iso":0,"shutter_speed":0,"title":""}},"post":1666,"source_url":"https:\/\/funerariaferreira.pt\/wp-content\/uploads\/2013\/10\/D-Jaime-Goulart.jpg","_links":{"self":[{"href":"https:\/\/funerariaferreira.pt\/en\/wp-json\/wp\/v2\/media\/3034","targetHints":{"allow":["GET"]}}],"collection":[{"href":"https:\/\/funerariaferreira.pt\/en\/wp-json\/wp\/v2\/media"}],"about":[{"href":"https:\/\/funerariaferreira.pt\/en\/wp-json\/wp\/v2\/types\/attachment"}],"author":[{"embeddable":true,"href":"https:\/\/funerariaferreira.pt\/en\/wp-json\/wp\/v2\/users\/2"}],"replies":[{"embeddable":true,"href":"https:\/\/funerariaferreira.pt\/en\/wp-json\/wp\/v2\/comments?post=3034"}],"wp:attached-to":[{"embeddable":true,"post_type":"page","id":1666,"href":"https:\/\/funerariaferreira.pt\/en\/wp-json\/wp\/v2\/pages\/1666"}],"curies":[{"name":"wp","href":"https:\/\/api.w.org\/{rel}","templated":true}]}}

<!-- This site is optimized with the Yoast SEO plugin v27.1.1 - https://yoast.com/product/yoast-seo-wordpress/ -->
<title>D Jaime Goulart - Agencia Funerária Ferreira - Ponta Delgada - São Miguel - Açores</title>
<meta name="robots" content="index, follow, max-snippet:-1, max-image-preview:large, max-video-preview:-1" />
<link rel="canonical" href="https://funerariaferreira.pt/wp-content/uploads/2013/10/D-Jaime-Goulart.jpg" />
<meta property="og:locale" content="en_US" />
<meta property="og:type" content="article" />
<meta property="og:title" content="D Jaime Goulart - Agencia Funerária Ferreira - Ponta Delgada - São Miguel - Açores" />
<meta property="og:url" content="https://funerariaferreira.pt/wp-content/uploads/2013/10/D-Jaime-Goulart.jpg" />
<meta property="og:site_name" content="Agencia Funerária Ferreira - Ponta Delgada - São Miguel - Açores" />
<meta property="og:image" content="https://funerariaferreira.pt/wp-content/uploads/2013/10/D-Jaime-Goulart.jpg" />
	<meta property="og:image:width" content="641" />
	<meta property="og:image:height" content="928" />
	<meta property="og:image:type" content="image/jpeg" />
<meta name="twitter:card" content="summary_large_image" />
<script type="application/ld+json" class="yoast-schema-graph">{"@context":"https://schema.org","@graph":[{"@type":"WebPage","@id":"https://funerariaferreira.pt/wp-content/uploads/2013/10/D-Jaime-Goulart.jpg","url":"https://funerariaferreira.pt/wp-content/uploads/2013/10/D-Jaime-Goulart.jpg","name":"D Jaime Goulart - Agencia Funerária Ferreira - Ponta Delgada - São Miguel - Açores","isPartOf":{"@id":"https://funerariaferreira.pt/#website"},"datePublished":"2013-10-05T19:50:39+00:00","breadcrumb":{"@id":"https://funerariaferreira.pt/wp-content/uploads/2013/10/D-Jaime-Goulart.jpg#breadcrumb"},"inLanguage":"en-US","potentialAction":[{"@type":"ReadAction","target":["https://funerariaferreira.pt/wp-content/uploads/2013/10/D-Jaime-Goulart.jpg"]}]},{"@type":"BreadcrumbList","@id":"https://funerariaferreira.pt/wp-content/uploads/2013/10/D-Jaime-Goulart.jpg#breadcrumb","itemListElement":[{"@type":"ListItem","position":1,"name":"Home","item":"https://funerariaferreira.pt/"},{"@type":"ListItem","position":2,"name":"Dom Jaime Garcia Goulart, Bishop of Dili","item":"https://funerariaferreira.pt/en/dom-jaime-garcia-goulart-bispo-de-dili/"},{"@type":"ListItem","position":3,"name":"D Jaime Goulart"}]},{"@type":"WebSite","@id":"https://funerariaferreira.pt/#website","url":"https://funerariaferreira.pt/","name":"Agencia Funerária Ferreira - Ponta Delgada - São Miguel - Açores","description":"","potentialAction":[{"@type":"SearchAction","target":{"@type":"EntryPoint","urlTemplate":"https://funerariaferreira.pt/?s={search_term_string}"},"query-input":{"@type":"PropertyValueSpecification","valueRequired":true,"valueName":"search_term_string"}}],"inLanguage":"en-US"}]}</script>
<!-- / Yoast SEO plugin. -->

D Jaime Goulart - Agencia Funerária Ferreira - Ponta Delgada - São Miguel - Açores

Agencia Funerária Ferreira - Ponta Delgada - São Miguel - Açores
