{"id":3036,"date":"2014-02-12T12:12:36","date_gmt":"2014-02-12T12:12:36","guid":{"rendered":"http:\/\/www.funerariaferreira.pt\/wp-content\/uploads\/2014\/02\/WIN_20140128_120415.jpg"},"modified":"2014-02-12T12:12:36","modified_gmt":"2014-02-12T12:12:36","slug":"win_20140128_120415-2","status":"inherit","type":"attachment","link":"https:\/\/funerariaferreira.pt\/en\/augusto-arruda\/win_20140128_120415-2\/","title":{"rendered":"Jornal Acores Augusto Arruda"},"author":1,"featured_media":0,"comment_status":"open","ping_status":"open","template":"","meta":{"_acf_changed":false},"class_list":["post-3036","attachment","type-attachment","status-inherit","hentry"],"acf":[],"yoast_head":"<!-- This site is optimized with the Yoast SEO plugin v27.1.1 - https:\/\/yoast.com\/product\/yoast-seo-wordpress\/ -->\n<title>Jornal Acores Augusto Arruda - Agencia Funer\u00e1ria Ferreira - Ponta Delgada - S\u00e3o Miguel - A\u00e7ores<\/title>\n<meta name=\"robots\" content=\"index, follow, max-snippet:-1, max-image-preview:large, max-video-preview:-1\" \/>\n<link rel=\"canonical\" href=\"https:\/\/funerariaferreira.pt\/wp-content\/uploads\/2014\/02\/WIN_20140128_120415.jpg\" \/>\n<meta property=\"og:locale\" content=\"en_US\" \/>\n<meta property=\"og:type\" content=\"article\" \/>\n<meta property=\"og:title\" content=\"Jornal Acores Augusto Arruda - Agencia Funer\u00e1ria Ferreira - Ponta Delgada - S\u00e3o Miguel - A\u00e7ores\" \/>\n<meta property=\"og:description\" content=\"A primeira noticia a informar o falecimento no Jornal A\u00e7ores\" \/>\n<meta property=\"og:url\" content=\"https:\/\/funerariaferreira.pt\/wp-content\/uploads\/2014\/02\/WIN_20140128_120415.jpg\" \/>\n<meta property=\"og:site_name\" content=\"Agencia Funer\u00e1ria Ferreira - Ponta Delgada - S\u00e3o Miguel - A\u00e7ores\" \/>\n<meta property=\"og:image\" content=\"https:\/\/funerariaferreira.pt\/wp-content\/uploads\/2014\/02\/WIN_20140128_120415.jpg\" \/>\n\t<meta property=\"og:image:width\" content=\"892\" \/>\n\t<meta property=\"og:image:height\" content=\"1025\" \/>\n\t<meta property=\"og:image:type\" content=\"image\/jpeg\" \/>\n<meta name=\"twitter:card\" content=\"summary_large_image\" \/>\n<script type=\"application\/ld+json\" class=\"yoast-schema-graph\">{\"@context\":\"https:\/\/schema.org\",\"@graph\":[{\"@type\":\"WebPage\",\"@id\":\"https:\/\/funerariaferreira.pt\/wp-content\/uploads\/2014\/02\/WIN_20140128_120415.jpg\",\"url\":\"https:\/\/funerariaferreira.pt\/wp-content\/uploads\/2014\/02\/WIN_20140128_120415.jpg\",\"name\":\"Jornal Acores Augusto Arruda - Agencia Funer\u00e1ria Ferreira - Ponta Delgada - S\u00e3o Miguel - A\u00e7ores\",\"isPartOf\":{\"@id\":\"https:\/\/funerariaferreira.pt\/#website\"},\"datePublished\":\"2014-02-12T12:12:36+00:00\",\"breadcrumb\":{\"@id\":\"https:\/\/funerariaferreira.pt\/wp-content\/uploads\/2014\/02\/WIN_20140128_120415.jpg#breadcrumb\"},\"inLanguage\":\"en-US\",\"potentialAction\":[{\"@type\":\"ReadAction\",\"target\":[\"https:\/\/funerariaferreira.pt\/wp-content\/uploads\/2014\/02\/WIN_20140128_120415.jpg\"]}]},{\"@type\":\"BreadcrumbList\",\"@id\":\"https:\/\/funerariaferreira.pt\/wp-content\/uploads\/2014\/02\/WIN_20140128_120415.jpg#breadcrumb\",\"itemListElement\":[{\"@type\":\"ListItem\",\"position\":1,\"name\":\"Home\",\"item\":\"https:\/\/funerariaferreira.pt\/\"},{\"@type\":\"ListItem\",\"position\":2,\"name\":\"Augusto Arruda\",\"item\":\"https:\/\/funerariaferreira.pt\/en\/augusto-arruda\/\"},{\"@type\":\"ListItem\",\"position\":3,\"name\":\"Jornal Acores Augusto Arruda\"}]},{\"@type\":\"WebSite\",\"@id\":\"https:\/\/funerariaferreira.pt\/#website\",\"url\":\"https:\/\/funerariaferreira.pt\/\",\"name\":\"Agencia Funer\u00e1ria Ferreira - Ponta Delgada - S\u00e3o Miguel - A\u00e7ores\",\"description\":\"\",\"potentialAction\":[{\"@type\":\"SearchAction\",\"target\":{\"@type\":\"EntryPoint\",\"urlTemplate\":\"https:\/\/funerariaferreira.pt\/?s={search_term_string}\"},\"query-input\":{\"@type\":\"PropertyValueSpecification\",\"valueRequired\":true,\"valueName\":\"search_term_string\"}}],\"inLanguage\":\"en-US\"}]}<\/script>\n<!-- \/ Yoast SEO plugin. -->","yoast_head_json":{"title":"Jornal Acores Augusto Arruda - Agencia Funer\u00e1ria Ferreira - Ponta Delgada - S\u00e3o Miguel - A\u00e7ores","robots":{"index":"index","follow":"follow","max-snippet":"max-snippet:-1","max-image-preview":"max-image-preview:large","max-video-preview":"max-video-preview:-1"},"canonical":"https:\/\/funerariaferreira.pt\/wp-content\/uploads\/2014\/02\/WIN_20140128_120415.jpg","og_locale":"en_US","og_type":"article","og_title":"Jornal Acores Augusto Arruda - Agencia Funer\u00e1ria Ferreira - Ponta Delgada - S\u00e3o Miguel - A\u00e7ores","og_description":"A primeira noticia a informar o falecimento no Jornal A\u00e7ores","og_url":"https:\/\/funerariaferreira.pt\/wp-content\/uploads\/2014\/02\/WIN_20140128_120415.jpg","og_site_name":"Agencia Funer\u00e1ria Ferreira - Ponta Delgada - S\u00e3o Miguel - A\u00e7ores","og_image":[{"width":892,"height":1025,"url":"https:\/\/funerariaferreira.pt\/wp-content\/uploads\/2014\/02\/WIN_20140128_120415.jpg","type":"image\/jpeg"}],"twitter_card":"summary_large_image","schema":{"@context":"https:\/\/schema.org","@graph":[{"@type":"WebPage","@id":"https:\/\/funerariaferreira.pt\/wp-content\/uploads\/2014\/02\/WIN_20140128_120415.jpg","url":"https:\/\/funerariaferreira.pt\/wp-content\/uploads\/2014\/02\/WIN_20140128_120415.jpg","name":"Jornal Acores Augusto Arruda - Agencia Funer\u00e1ria Ferreira - Ponta Delgada - S\u00e3o Miguel - A\u00e7ores","isPartOf":{"@id":"https:\/\/funerariaferreira.pt\/#website"},"datePublished":"2014-02-12T12:12:36+00:00","breadcrumb":{"@id":"https:\/\/funerariaferreira.pt\/wp-content\/uploads\/2014\/02\/WIN_20140128_120415.jpg#breadcrumb"},"inLanguage":"en-US","potentialAction":[{"@type":"ReadAction","target":["https:\/\/funerariaferreira.pt\/wp-content\/uploads\/2014\/02\/WIN_20140128_120415.jpg"]}]},{"@type":"BreadcrumbList","@id":"https:\/\/funerariaferreira.pt\/wp-content\/uploads\/2014\/02\/WIN_20140128_120415.jpg#breadcrumb","itemListElement":[{"@type":"ListItem","position":1,"name":"Home","item":"https:\/\/funerariaferreira.pt\/"},{"@type":"ListItem","position":2,"name":"Augusto Arruda","item":"https:\/\/funerariaferreira.pt\/en\/augusto-arruda\/"},{"@type":"ListItem","position":3,"name":"Jornal Acores Augusto Arruda"}]},{"@type":"WebSite","@id":"https:\/\/funerariaferreira.pt\/#website","url":"https:\/\/funerariaferreira.pt\/","name":"Agencia Funer\u00e1ria Ferreira - Ponta Delgada - S\u00e3o Miguel - A\u00e7ores","description":"","potentialAction":[{"@type":"SearchAction","target":{"@type":"EntryPoint","urlTemplate":"https:\/\/funerariaferreira.pt\/?s={search_term_string}"},"query-input":{"@type":"PropertyValueSpecification","valueRequired":true,"valueName":"search_term_string"}}],"inLanguage":"en-US"}]}},"description":{"rendered":"<p class=\"attachment\"><a href='https:\/\/funerariaferreira.pt\/wp-content\/uploads\/2014\/02\/WIN_20140128_120415.jpg' rel=\"lightbox[3036]\"><img loading=\"lazy\" decoding=\"async\" width=\"261\" height=\"300\" src=\"https:\/\/funerariaferreira.pt\/wp-content\/uploads\/2014\/02\/WIN_20140128_120415-261x300.jpg\" class=\"attachment-medium size-medium\" alt=\"\" srcset=\"https:\/\/funerariaferreira.pt\/wp-content\/uploads\/2014\/02\/WIN_20140128_120415-261x300.jpg 261w, https:\/\/funerariaferreira.pt\/wp-content\/uploads\/2014\/02\/WIN_20140128_120415-891x1024.jpg 891w, https:\/\/funerariaferreira.pt\/wp-content\/uploads\/2014\/02\/WIN_20140128_120415.jpg 892w\" sizes=\"auto, (max-width: 261px) 100vw, 261px\" \/><\/a><\/p>\n"},"caption":{"rendered":"<p>A primeira noticia a informar o falecimento no Jornal A\u00e7ores <\/p>\n"},"alt_text":"","media_type":"image","mime_type":"image\/jpeg","media_details":{"width":892,"height":1025,"file":"2014\/02\/WIN_20140128_120415.jpg","sizes":{"thumbnail":{"file":"WIN_20140128_120415-150x150.jpg","width":150,"height":150,"mime_type":"image\/jpeg","source_url":"https:\/\/funerariaferreira.pt\/wp-content\/uploads\/2014\/02\/WIN_20140128_120415-150x150.jpg"},"medium":{"file":"WIN_20140128_120415-261x300.jpg","width":261,"height":300,"mime_type":"image\/jpeg","source_url":"https:\/\/funerariaferreira.pt\/wp-content\/uploads\/2014\/02\/WIN_20140128_120415-261x300.jpg"},"large":{"file":"WIN_20140128_120415-891x1024.jpg","width":891,"height":1024,"mime_type":"image\/jpeg","source_url":"https:\/\/funerariaferreira.pt\/wp-content\/uploads\/2014\/02\/WIN_20140128_120415-891x1024.jpg"},"quadradoimg":{"file":"WIN_20140128_120415-290x165.jpg","width":290,"height":165,"mime_type":"image\/jpeg","source_url":"https:\/\/funerariaferreira.pt\/wp-content\/uploads\/2014\/02\/WIN_20140128_120415-290x165.jpg"},"quadradoimgservicos":{"file":"WIN_20140128_120415-200x200.jpg","width":200,"height":200,"mime_type":"image\/jpeg","source_url":"https:\/\/funerariaferreira.pt\/wp-content\/uploads\/2014\/02\/WIN_20140128_120415-200x200.jpg"},"post-thumbnail":{"file":"WIN_20140128_120415-892x198.jpg","width":892,"height":198,"mime_type":"image\/jpeg","source_url":"https:\/\/funerariaferreira.pt\/wp-content\/uploads\/2014\/02\/WIN_20140128_120415-892x198.jpg"},"full":{"file":"WIN_20140128_120415.jpg","width":892,"height":1025,"mime_type":"image\/jpeg","source_url":"https:\/\/funerariaferreira.pt\/wp-content\/uploads\/2014\/02\/WIN_20140128_120415.jpg"}},"image_meta":{"aperture":2.2,"credit":"","camera":"Tegra Camera","caption":"","created_timestamp":1390910655,"copyright":"","focal_length":"3.69","iso":"125","shutter_speed":"0.0166","title":""}},"post":1647,"source_url":"https:\/\/funerariaferreira.pt\/wp-content\/uploads\/2014\/02\/WIN_20140128_120415.jpg","_links":{"self":[{"href":"https:\/\/funerariaferreira.pt\/en\/wp-json\/wp\/v2\/media\/3036","targetHints":{"allow":["GET"]}}],"collection":[{"href":"https:\/\/funerariaferreira.pt\/en\/wp-json\/wp\/v2\/media"}],"about":[{"href":"https:\/\/funerariaferreira.pt\/en\/wp-json\/wp\/v2\/types\/attachment"}],"author":[{"embeddable":true,"href":"https:\/\/funerariaferreira.pt\/en\/wp-json\/wp\/v2\/users\/1"}],"replies":[{"embeddable":true,"href":"https:\/\/funerariaferreira.pt\/en\/wp-json\/wp\/v2\/comments?post=3036"}],"wp:attached-to":[{"embeddable":true,"post_type":"page","id":1647,"href":"https:\/\/funerariaferreira.pt\/en\/wp-json\/wp\/v2\/pages\/1647"}],"curies":[{"name":"wp","href":"https:\/\/api.w.org\/{rel}","templated":true}]}}

<!-- This site is optimized with the Yoast SEO plugin v27.1.1 - https://yoast.com/product/yoast-seo-wordpress/ -->
<title>Jornal Acores Augusto Arruda - Agencia Funerária Ferreira - Ponta Delgada - São Miguel - Açores</title>
<meta name="robots" content="index, follow, max-snippet:-1, max-image-preview:large, max-video-preview:-1" />
<link rel="canonical" href="https://funerariaferreira.pt/wp-content/uploads/2014/02/WIN_20140128_120415.jpg" />
<meta property="og:locale" content="en_US" />
<meta property="og:type" content="article" />
<meta property="og:title" content="Jornal Acores Augusto Arruda - Agencia Funerária Ferreira - Ponta Delgada - São Miguel - Açores" />
<meta property="og:description" content="A primeira noticia a informar o falecimento no Jornal Açores" />
<meta property="og:url" content="https://funerariaferreira.pt/wp-content/uploads/2014/02/WIN_20140128_120415.jpg" />
<meta property="og:site_name" content="Agencia Funerária Ferreira - Ponta Delgada - São Miguel - Açores" />
<meta property="og:image" content="https://funerariaferreira.pt/wp-content/uploads/2014/02/WIN_20140128_120415.jpg" />
	<meta property="og:image:width" content="892" />
	<meta property="og:image:height" content="1025" />
	<meta property="og:image:type" content="image/jpeg" />
<meta name="twitter:card" content="summary_large_image" />
<script type="application/ld+json" class="yoast-schema-graph">{"@context":"https://schema.org","@graph":[{"@type":"WebPage","@id":"https://funerariaferreira.pt/wp-content/uploads/2014/02/WIN_20140128_120415.jpg","url":"https://funerariaferreira.pt/wp-content/uploads/2014/02/WIN_20140128_120415.jpg","name":"Jornal Acores Augusto Arruda - Agencia Funerária Ferreira - Ponta Delgada - São Miguel - Açores","isPartOf":{"@id":"https://funerariaferreira.pt/#website"},"datePublished":"2014-02-12T12:12:36+00:00","breadcrumb":{"@id":"https://funerariaferreira.pt/wp-content/uploads/2014/02/WIN_20140128_120415.jpg#breadcrumb"},"inLanguage":"en-US","potentialAction":[{"@type":"ReadAction","target":["https://funerariaferreira.pt/wp-content/uploads/2014/02/WIN_20140128_120415.jpg"]}]},{"@type":"BreadcrumbList","@id":"https://funerariaferreira.pt/wp-content/uploads/2014/02/WIN_20140128_120415.jpg#breadcrumb","itemListElement":[{"@type":"ListItem","position":1,"name":"Home","item":"https://funerariaferreira.pt/"},{"@type":"ListItem","position":2,"name":"Augusto Arruda","item":"https://funerariaferreira.pt/en/augusto-arruda/"},{"@type":"ListItem","position":3,"name":"Jornal Acores Augusto Arruda"}]},{"@type":"WebSite","@id":"https://funerariaferreira.pt/#website","url":"https://funerariaferreira.pt/","name":"Agencia Funerária Ferreira - Ponta Delgada - São Miguel - Açores","description":"","potentialAction":[{"@type":"SearchAction","target":{"@type":"EntryPoint","urlTemplate":"https://funerariaferreira.pt/?s={search_term_string}"},"query-input":{"@type":"PropertyValueSpecification","valueRequired":true,"valueName":"search_term_string"}}],"inLanguage":"en-US"}]}</script>
<!-- / Yoast SEO plugin. -->

Jornal Acores Augusto Arruda - Agencia Funerária Ferreira - Ponta Delgada - São Miguel - Açores

A primeira noticia a informar o falecimento no Jornal Açores

Agencia Funerária Ferreira - Ponta Delgada - São Miguel - Açores

<p>A primeira noticia a informar o falecimento no Jornal Açores </p>
