{"id":5691,"date":"2026-01-17T13:40:20","date_gmt":"2026-01-17T13:40:20","guid":{"rendered":"https:\/\/funerariaferreira.pt\/wp-content\/uploads\/2026\/01\/sem-titulo.png"},"modified":"2026-01-17T13:40:41","modified_gmt":"2026-01-17T13:40:41","slug":"sem-titulo-44-2","status":"inherit","type":"attachment","link":"https:\/\/funerariaferreira.pt\/en\/what-to-do-in-case-of-death\/sem-titulo-44-2\/","title":{"rendered":"sem-titulo"},"author":1,"featured_media":0,"comment_status":"open","ping_status":"closed","template":"","meta":{"_acf_changed":false},"class_list":["post-5691","attachment","type-attachment","status-inherit","hentry"],"acf":[],"yoast_head":"<!-- This site is optimized with the Yoast SEO plugin v27.1.1 - https:\/\/yoast.com\/product\/yoast-seo-wordpress\/ -->\n<title>sem-titulo - Agencia Funer\u00e1ria Ferreira - Ponta Delgada - S\u00e3o Miguel - A\u00e7ores<\/title>\n<meta name=\"robots\" content=\"index, follow, max-snippet:-1, max-image-preview:large, max-video-preview:-1\" \/>\n<link rel=\"canonical\" href=\"https:\/\/funerariaferreira.pt\/wp-content\/uploads\/2026\/01\/sem-titulo.png\" \/>\n<meta property=\"og:locale\" content=\"en_US\" \/>\n<meta property=\"og:type\" content=\"article\" \/>\n<meta property=\"og:title\" content=\"sem-titulo - Agencia Funer\u00e1ria Ferreira - Ponta Delgada - S\u00e3o Miguel - A\u00e7ores\" \/>\n<meta property=\"og:url\" content=\"https:\/\/funerariaferreira.pt\/wp-content\/uploads\/2026\/01\/sem-titulo.png\" \/>\n<meta property=\"og:site_name\" content=\"Agencia Funer\u00e1ria Ferreira - Ponta Delgada - S\u00e3o Miguel - A\u00e7ores\" \/>\n<meta property=\"article:modified_time\" content=\"2026-01-17T13:40:41+00:00\" \/>\n<meta property=\"og:image\" content=\"https:\/\/funerariaferreira.pt\/wp-content\/uploads\/2026\/01\/sem-titulo.png\" \/>\n\t<meta property=\"og:image:width\" content=\"438\" \/>\n\t<meta property=\"og:image:height\" content=\"175\" \/>\n\t<meta property=\"og:image:type\" content=\"image\/png\" \/>\n<meta name=\"twitter:card\" content=\"summary_large_image\" \/>\n<script type=\"application\/ld+json\" class=\"yoast-schema-graph\">{\"@context\":\"https:\/\/schema.org\",\"@graph\":[{\"@type\":\"WebPage\",\"@id\":\"https:\/\/funerariaferreira.pt\/wp-content\/uploads\/2026\/01\/sem-titulo.png\",\"url\":\"https:\/\/funerariaferreira.pt\/wp-content\/uploads\/2026\/01\/sem-titulo.png\",\"name\":\"sem-titulo - Agencia Funer\u00e1ria Ferreira - Ponta Delgada - S\u00e3o Miguel - A\u00e7ores\",\"isPartOf\":{\"@id\":\"https:\/\/funerariaferreira.pt\/#website\"},\"datePublished\":\"2026-01-17T13:40:20+00:00\",\"dateModified\":\"2026-01-17T13:40:41+00:00\",\"breadcrumb\":{\"@id\":\"https:\/\/funerariaferreira.pt\/wp-content\/uploads\/2026\/01\/sem-titulo.png#breadcrumb\"},\"inLanguage\":\"en-US\",\"potentialAction\":[{\"@type\":\"ReadAction\",\"target\":[\"https:\/\/funerariaferreira.pt\/wp-content\/uploads\/2026\/01\/sem-titulo.png\"]}]},{\"@type\":\"BreadcrumbList\",\"@id\":\"https:\/\/funerariaferreira.pt\/wp-content\/uploads\/2026\/01\/sem-titulo.png#breadcrumb\",\"itemListElement\":[{\"@type\":\"ListItem\",\"position\":1,\"name\":\"Home\",\"item\":\"https:\/\/funerariaferreira.pt\/\"},{\"@type\":\"ListItem\",\"position\":2,\"name\":\"Client Support\",\"item\":\"https:\/\/funerariaferreira.pt\/en\/what-to-do-in-case-of-death\/\"},{\"@type\":\"ListItem\",\"position\":3,\"name\":\"sem-titulo\"}]},{\"@type\":\"WebSite\",\"@id\":\"https:\/\/funerariaferreira.pt\/#website\",\"url\":\"https:\/\/funerariaferreira.pt\/\",\"name\":\"Agencia Funer\u00e1ria Ferreira - Ponta Delgada - S\u00e3o Miguel - A\u00e7ores\",\"description\":\"\",\"potentialAction\":[{\"@type\":\"SearchAction\",\"target\":{\"@type\":\"EntryPoint\",\"urlTemplate\":\"https:\/\/funerariaferreira.pt\/?s={search_term_string}\"},\"query-input\":{\"@type\":\"PropertyValueSpecification\",\"valueRequired\":true,\"valueName\":\"search_term_string\"}}],\"inLanguage\":\"en-US\"}]}<\/script>\n<!-- \/ Yoast SEO plugin. -->","yoast_head_json":{"title":"sem-titulo - Agencia Funer\u00e1ria Ferreira - Ponta Delgada - S\u00e3o Miguel - A\u00e7ores","robots":{"index":"index","follow":"follow","max-snippet":"max-snippet:-1","max-image-preview":"max-image-preview:large","max-video-preview":"max-video-preview:-1"},"canonical":"https:\/\/funerariaferreira.pt\/wp-content\/uploads\/2026\/01\/sem-titulo.png","og_locale":"en_US","og_type":"article","og_title":"sem-titulo - Agencia Funer\u00e1ria Ferreira - Ponta Delgada - S\u00e3o Miguel - A\u00e7ores","og_url":"https:\/\/funerariaferreira.pt\/wp-content\/uploads\/2026\/01\/sem-titulo.png","og_site_name":"Agencia Funer\u00e1ria Ferreira - Ponta Delgada - S\u00e3o Miguel - A\u00e7ores","article_modified_time":"2026-01-17T13:40:41+00:00","og_image":[{"width":438,"height":175,"url":"https:\/\/funerariaferreira.pt\/wp-content\/uploads\/2026\/01\/sem-titulo.png","type":"image\/png"}],"twitter_card":"summary_large_image","schema":{"@context":"https:\/\/schema.org","@graph":[{"@type":"WebPage","@id":"https:\/\/funerariaferreira.pt\/wp-content\/uploads\/2026\/01\/sem-titulo.png","url":"https:\/\/funerariaferreira.pt\/wp-content\/uploads\/2026\/01\/sem-titulo.png","name":"sem-titulo - Agencia Funer\u00e1ria Ferreira - Ponta Delgada - S\u00e3o Miguel - A\u00e7ores","isPartOf":{"@id":"https:\/\/funerariaferreira.pt\/#website"},"datePublished":"2026-01-17T13:40:20+00:00","dateModified":"2026-01-17T13:40:41+00:00","breadcrumb":{"@id":"https:\/\/funerariaferreira.pt\/wp-content\/uploads\/2026\/01\/sem-titulo.png#breadcrumb"},"inLanguage":"en-US","potentialAction":[{"@type":"ReadAction","target":["https:\/\/funerariaferreira.pt\/wp-content\/uploads\/2026\/01\/sem-titulo.png"]}]},{"@type":"BreadcrumbList","@id":"https:\/\/funerariaferreira.pt\/wp-content\/uploads\/2026\/01\/sem-titulo.png#breadcrumb","itemListElement":[{"@type":"ListItem","position":1,"name":"Home","item":"https:\/\/funerariaferreira.pt\/"},{"@type":"ListItem","position":2,"name":"Client Support","item":"https:\/\/funerariaferreira.pt\/en\/what-to-do-in-case-of-death\/"},{"@type":"ListItem","position":3,"name":"sem-titulo"}]},{"@type":"WebSite","@id":"https:\/\/funerariaferreira.pt\/#website","url":"https:\/\/funerariaferreira.pt\/","name":"Agencia Funer\u00e1ria Ferreira - Ponta Delgada - S\u00e3o Miguel - A\u00e7ores","description":"","potentialAction":[{"@type":"SearchAction","target":{"@type":"EntryPoint","urlTemplate":"https:\/\/funerariaferreira.pt\/?s={search_term_string}"},"query-input":{"@type":"PropertyValueSpecification","valueRequired":true,"valueName":"search_term_string"}}],"inLanguage":"en-US"}]}},"description":{"rendered":"<p class=\"attachment\"><a href='https:\/\/funerariaferreira.pt\/wp-content\/uploads\/2026\/01\/sem-titulo.png' rel=\"lightbox[5691]\"><img loading=\"lazy\" decoding=\"async\" width=\"300\" height=\"120\" src=\"https:\/\/funerariaferreira.pt\/wp-content\/uploads\/2026\/01\/sem-titulo-300x120.png\" class=\"attachment-medium size-medium\" alt=\"Certid\u00f5es Online\" srcset=\"https:\/\/funerariaferreira.pt\/wp-content\/uploads\/2026\/01\/sem-titulo-300x120.png 300w, https:\/\/funerariaferreira.pt\/wp-content\/uploads\/2026\/01\/sem-titulo.png 438w\" sizes=\"auto, (max-width: 300px) 100vw, 300px\" \/><\/a><\/p>\n"},"caption":{"rendered":""},"alt_text":"Certid\u00f5es Online","media_type":"image","mime_type":"image\/png","media_details":{"width":438,"height":175,"file":"2026\/01\/sem-titulo.png","filesize":50450,"sizes":{"medium":{"file":"sem-titulo-300x120.png","width":300,"height":120,"filesize":23589,"mime_type":"image\/png","source_url":"https:\/\/funerariaferreira.pt\/wp-content\/uploads\/2026\/01\/sem-titulo-300x120.png"},"thumbnail":{"file":"sem-titulo-150x150.png","width":150,"height":150,"filesize":13583,"mime_type":"image\/png","source_url":"https:\/\/funerariaferreira.pt\/wp-content\/uploads\/2026\/01\/sem-titulo-150x150.png"},"quadradoimg":{"file":"sem-titulo-290x165.png","width":290,"height":165,"filesize":27858,"mime_type":"image\/png","source_url":"https:\/\/funerariaferreira.pt\/wp-content\/uploads\/2026\/01\/sem-titulo-290x165.png"},"quadradoimgservicos":{"file":"sem-titulo-200x175.png","width":200,"height":175,"filesize":19456,"mime_type":"image\/png","source_url":"https:\/\/funerariaferreira.pt\/wp-content\/uploads\/2026\/01\/sem-titulo-200x175.png"},"full":{"file":"sem-titulo.png","width":438,"height":175,"mime_type":"image\/png","source_url":"https:\/\/funerariaferreira.pt\/wp-content\/uploads\/2026\/01\/sem-titulo.png"}},"image_meta":{"aperture":"0","credit":"","camera":"","caption":"","created_timestamp":"0","copyright":"","focal_length":"0","iso":"0","shutter_speed":"0","title":"","orientation":"0","keywords":[]}},"post":1478,"source_url":"https:\/\/funerariaferreira.pt\/wp-content\/uploads\/2026\/01\/sem-titulo.png","_links":{"self":[{"href":"https:\/\/funerariaferreira.pt\/en\/wp-json\/wp\/v2\/media\/5691","targetHints":{"allow":["GET"]}}],"collection":[{"href":"https:\/\/funerariaferreira.pt\/en\/wp-json\/wp\/v2\/media"}],"about":[{"href":"https:\/\/funerariaferreira.pt\/en\/wp-json\/wp\/v2\/types\/attachment"}],"author":[{"embeddable":true,"href":"https:\/\/funerariaferreira.pt\/en\/wp-json\/wp\/v2\/users\/1"}],"replies":[{"embeddable":true,"href":"https:\/\/funerariaferreira.pt\/en\/wp-json\/wp\/v2\/comments?post=5691"}],"wp:attached-to":[{"embeddable":true,"post_type":"page","id":1478,"href":"https:\/\/funerariaferreira.pt\/en\/wp-json\/wp\/v2\/pages\/1478"}],"curies":[{"name":"wp","href":"https:\/\/api.w.org\/{rel}","templated":true}]}}

<!-- This site is optimized with the Yoast SEO plugin v27.1.1 - https://yoast.com/product/yoast-seo-wordpress/ -->
<title>sem-titulo - Agencia Funerária Ferreira - Ponta Delgada - São Miguel - Açores</title>
<meta name="robots" content="index, follow, max-snippet:-1, max-image-preview:large, max-video-preview:-1" />
<link rel="canonical" href="https://funerariaferreira.pt/wp-content/uploads/2026/01/sem-titulo.png" />
<meta property="og:locale" content="en_US" />
<meta property="og:type" content="article" />
<meta property="og:title" content="sem-titulo - Agencia Funerária Ferreira - Ponta Delgada - São Miguel - Açores" />
<meta property="og:url" content="https://funerariaferreira.pt/wp-content/uploads/2026/01/sem-titulo.png" />
<meta property="og:site_name" content="Agencia Funerária Ferreira - Ponta Delgada - São Miguel - Açores" />
<meta property="article:modified_time" content="2026-01-17T13:40:41+00:00" />
<meta property="og:image" content="https://funerariaferreira.pt/wp-content/uploads/2026/01/sem-titulo.png" />
	<meta property="og:image:width" content="438" />
	<meta property="og:image:height" content="175" />
	<meta property="og:image:type" content="image/png" />
<meta name="twitter:card" content="summary_large_image" />
<script type="application/ld+json" class="yoast-schema-graph">{"@context":"https://schema.org","@graph":[{"@type":"WebPage","@id":"https://funerariaferreira.pt/wp-content/uploads/2026/01/sem-titulo.png","url":"https://funerariaferreira.pt/wp-content/uploads/2026/01/sem-titulo.png","name":"sem-titulo - Agencia Funerária Ferreira - Ponta Delgada - São Miguel - Açores","isPartOf":{"@id":"https://funerariaferreira.pt/#website"},"datePublished":"2026-01-17T13:40:20+00:00","dateModified":"2026-01-17T13:40:41+00:00","breadcrumb":{"@id":"https://funerariaferreira.pt/wp-content/uploads/2026/01/sem-titulo.png#breadcrumb"},"inLanguage":"en-US","potentialAction":[{"@type":"ReadAction","target":["https://funerariaferreira.pt/wp-content/uploads/2026/01/sem-titulo.png"]}]},{"@type":"BreadcrumbList","@id":"https://funerariaferreira.pt/wp-content/uploads/2026/01/sem-titulo.png#breadcrumb","itemListElement":[{"@type":"ListItem","position":1,"name":"Home","item":"https://funerariaferreira.pt/"},{"@type":"ListItem","position":2,"name":"Client Support","item":"https://funerariaferreira.pt/en/what-to-do-in-case-of-death/"},{"@type":"ListItem","position":3,"name":"sem-titulo"}]},{"@type":"WebSite","@id":"https://funerariaferreira.pt/#website","url":"https://funerariaferreira.pt/","name":"Agencia Funerária Ferreira - Ponta Delgada - São Miguel - Açores","description":"","potentialAction":[{"@type":"SearchAction","target":{"@type":"EntryPoint","urlTemplate":"https://funerariaferreira.pt/?s={search_term_string}"},"query-input":{"@type":"PropertyValueSpecification","valueRequired":true,"valueName":"search_term_string"}}],"inLanguage":"en-US"}]}</script>
<!-- / Yoast SEO plugin. -->

sem-titulo - Agencia Funerária Ferreira - Ponta Delgada - São Miguel - Açores

Agencia Funerária Ferreira - Ponta Delgada - São Miguel - Açores

<p class="attachment"><a href='https://funerariaferreira.pt/wp-content/uploads/2026/01/sem-titulo.png' rel="lightbox[5691]"><img loading="lazy" decoding="async" width="300" height="120" src="https://funerariaferreira.pt/wp-content/uploads/2026/01/sem-titulo-300x120.png" class="attachment-medium size-medium" alt="Certidões Online" srcset="https://funerariaferreira.pt/wp-content/uploads/2026/01/sem-titulo-300x120.png 300w, https://funerariaferreira.pt/wp-content/uploads/2026/01/sem-titulo.png 438w" sizes="auto, (max-width: 300px) 100vw, 300px" /></a></p>

Certidões Online
