{"id":6123,"date":"2026-01-23T18:09:53","date_gmt":"2026-01-23T18:09:53","guid":{"rendered":"https:\/\/funerariaferreira.pt\/wp-content\/uploads\/2026\/01\/fatima-sequeira-dias-1536-x-2048.png"},"modified":"2026-01-23T18:09:53","modified_gmt":"2026-01-23T18:09:53","slug":"fatima-sequeira-dias-1536-x-2048","status":"inherit","type":"attachment","link":"https:\/\/funerariaferreira.pt\/en\/fatima-sequeira-dias\/fatima-sequeira-dias-1536-x-2048\/","title":{"rendered":"F\u00e1tima Sequeira Dias 1536 x 2048"},"author":1,"featured_media":0,"comment_status":"open","ping_status":"closed","template":"","meta":{"_acf_changed":false},"class_list":["post-6123","attachment","type-attachment","status-inherit","hentry"],"acf":[],"yoast_head":"<!-- This site is optimized with the Yoast SEO plugin v27.1.1 - https:\/\/yoast.com\/product\/yoast-seo-wordpress\/ -->\n<title>F\u00e1tima Sequeira Dias 1536 x 2048 - Agencia Funer\u00e1ria Ferreira - Ponta Delgada - S\u00e3o Miguel - A\u00e7ores<\/title>\n<meta name=\"robots\" content=\"index, follow, max-snippet:-1, max-image-preview:large, max-video-preview:-1\" \/>\n<link rel=\"canonical\" href=\"https:\/\/funerariaferreira.pt\/wp-content\/uploads\/2026\/01\/fatima-sequeira-dias-1536-x-2048.png\" \/>\n<meta property=\"og:locale\" content=\"en_US\" \/>\n<meta property=\"og:type\" content=\"article\" \/>\n<meta property=\"og:title\" content=\"F\u00e1tima Sequeira Dias 1536 x 2048 - Agencia Funer\u00e1ria Ferreira - Ponta Delgada - S\u00e3o Miguel - A\u00e7ores\" \/>\n<meta property=\"og:description\" content=\"Honramos a mem\u00f3ria da Prof.\u00aa Doutora F\u00e1tima Sequeira Dias. Um tributo ao seu percurso acad\u00e9mico e contributo \u00edmpar para a hist\u00f3ria de S\u00e3o Miguel e dos A\u00e7ores.\" \/>\n<meta property=\"og:url\" content=\"https:\/\/funerariaferreira.pt\/wp-content\/uploads\/2026\/01\/fatima-sequeira-dias-1536-x-2048.png\" \/>\n<meta property=\"og:site_name\" content=\"Agencia Funer\u00e1ria Ferreira - Ponta Delgada - S\u00e3o Miguel - A\u00e7ores\" \/>\n<meta property=\"og:image\" content=\"https:\/\/funerariaferreira.pt\/wp-content\/uploads\/2026\/01\/fatima-sequeira-dias-1536-x-2048.png\" \/>\n\t<meta property=\"og:image:width\" content=\"1536\" \/>\n\t<meta property=\"og:image:height\" content=\"2048\" \/>\n\t<meta property=\"og:image:type\" content=\"image\/png\" \/>\n<meta name=\"twitter:card\" content=\"summary_large_image\" \/>\n<script type=\"application\/ld+json\" class=\"yoast-schema-graph\">{\"@context\":\"https:\/\/schema.org\",\"@graph\":[{\"@type\":\"WebPage\",\"@id\":\"https:\/\/funerariaferreira.pt\/wp-content\/uploads\/2026\/01\/fatima-sequeira-dias-1536-x-2048.png\",\"url\":\"https:\/\/funerariaferreira.pt\/wp-content\/uploads\/2026\/01\/fatima-sequeira-dias-1536-x-2048.png\",\"name\":\"F\u00e1tima Sequeira Dias 1536 x 2048 - Agencia Funer\u00e1ria Ferreira - Ponta Delgada - S\u00e3o Miguel - A\u00e7ores\",\"isPartOf\":{\"@id\":\"https:\/\/funerariaferreira.pt\/#website\"},\"datePublished\":\"2026-01-23T18:09:53+00:00\",\"breadcrumb\":{\"@id\":\"https:\/\/funerariaferreira.pt\/wp-content\/uploads\/2026\/01\/fatima-sequeira-dias-1536-x-2048.png#breadcrumb\"},\"inLanguage\":\"en-US\",\"potentialAction\":[{\"@type\":\"ReadAction\",\"target\":[\"https:\/\/funerariaferreira.pt\/wp-content\/uploads\/2026\/01\/fatima-sequeira-dias-1536-x-2048.png\"]}]},{\"@type\":\"BreadcrumbList\",\"@id\":\"https:\/\/funerariaferreira.pt\/wp-content\/uploads\/2026\/01\/fatima-sequeira-dias-1536-x-2048.png#breadcrumb\",\"itemListElement\":[{\"@type\":\"ListItem\",\"position\":1,\"name\":\"Home\",\"item\":\"https:\/\/funerariaferreira.pt\/\"},{\"@type\":\"ListItem\",\"position\":2,\"name\":\"F\u00e1tima Sequeira Dias\",\"item\":\"https:\/\/funerariaferreira.pt\/en\/fatima-sequeira-dias\/\"},{\"@type\":\"ListItem\",\"position\":3,\"name\":\"F\u00e1tima Sequeira Dias 1536 x 2048\"}]},{\"@type\":\"WebSite\",\"@id\":\"https:\/\/funerariaferreira.pt\/#website\",\"url\":\"https:\/\/funerariaferreira.pt\/\",\"name\":\"Agencia Funer\u00e1ria Ferreira - Ponta Delgada - S\u00e3o Miguel - A\u00e7ores\",\"description\":\"\",\"potentialAction\":[{\"@type\":\"SearchAction\",\"target\":{\"@type\":\"EntryPoint\",\"urlTemplate\":\"https:\/\/funerariaferreira.pt\/?s={search_term_string}\"},\"query-input\":{\"@type\":\"PropertyValueSpecification\",\"valueRequired\":true,\"valueName\":\"search_term_string\"}}],\"inLanguage\":\"en-US\"}]}<\/script>\n<!-- \/ Yoast SEO plugin. -->","yoast_head_json":{"title":"F\u00e1tima Sequeira Dias 1536 x 2048 - Agencia Funer\u00e1ria Ferreira - Ponta Delgada - S\u00e3o Miguel - A\u00e7ores","robots":{"index":"index","follow":"follow","max-snippet":"max-snippet:-1","max-image-preview":"max-image-preview:large","max-video-preview":"max-video-preview:-1"},"canonical":"https:\/\/funerariaferreira.pt\/wp-content\/uploads\/2026\/01\/fatima-sequeira-dias-1536-x-2048.png","og_locale":"en_US","og_type":"article","og_title":"F\u00e1tima Sequeira Dias 1536 x 2048 - Agencia Funer\u00e1ria Ferreira - Ponta Delgada - S\u00e3o Miguel - A\u00e7ores","og_description":"Honramos a mem\u00f3ria da Prof.\u00aa Doutora F\u00e1tima Sequeira Dias. Um tributo ao seu percurso acad\u00e9mico e contributo \u00edmpar para a hist\u00f3ria de S\u00e3o Miguel e dos A\u00e7ores.","og_url":"https:\/\/funerariaferreira.pt\/wp-content\/uploads\/2026\/01\/fatima-sequeira-dias-1536-x-2048.png","og_site_name":"Agencia Funer\u00e1ria Ferreira - Ponta Delgada - S\u00e3o Miguel - A\u00e7ores","og_image":[{"width":1536,"height":2048,"url":"https:\/\/funerariaferreira.pt\/wp-content\/uploads\/2026\/01\/fatima-sequeira-dias-1536-x-2048.png","type":"image\/png"}],"twitter_card":"summary_large_image","schema":{"@context":"https:\/\/schema.org","@graph":[{"@type":"WebPage","@id":"https:\/\/funerariaferreira.pt\/wp-content\/uploads\/2026\/01\/fatima-sequeira-dias-1536-x-2048.png","url":"https:\/\/funerariaferreira.pt\/wp-content\/uploads\/2026\/01\/fatima-sequeira-dias-1536-x-2048.png","name":"F\u00e1tima Sequeira Dias 1536 x 2048 - Agencia Funer\u00e1ria Ferreira - Ponta Delgada - S\u00e3o Miguel - A\u00e7ores","isPartOf":{"@id":"https:\/\/funerariaferreira.pt\/#website"},"datePublished":"2026-01-23T18:09:53+00:00","breadcrumb":{"@id":"https:\/\/funerariaferreira.pt\/wp-content\/uploads\/2026\/01\/fatima-sequeira-dias-1536-x-2048.png#breadcrumb"},"inLanguage":"en-US","potentialAction":[{"@type":"ReadAction","target":["https:\/\/funerariaferreira.pt\/wp-content\/uploads\/2026\/01\/fatima-sequeira-dias-1536-x-2048.png"]}]},{"@type":"BreadcrumbList","@id":"https:\/\/funerariaferreira.pt\/wp-content\/uploads\/2026\/01\/fatima-sequeira-dias-1536-x-2048.png#breadcrumb","itemListElement":[{"@type":"ListItem","position":1,"name":"Home","item":"https:\/\/funerariaferreira.pt\/"},{"@type":"ListItem","position":2,"name":"F\u00e1tima Sequeira Dias","item":"https:\/\/funerariaferreira.pt\/en\/fatima-sequeira-dias\/"},{"@type":"ListItem","position":3,"name":"F\u00e1tima Sequeira Dias 1536 x 2048"}]},{"@type":"WebSite","@id":"https:\/\/funerariaferreira.pt\/#website","url":"https:\/\/funerariaferreira.pt\/","name":"Agencia Funer\u00e1ria Ferreira - Ponta Delgada - S\u00e3o Miguel - A\u00e7ores","description":"","potentialAction":[{"@type":"SearchAction","target":{"@type":"EntryPoint","urlTemplate":"https:\/\/funerariaferreira.pt\/?s={search_term_string}"},"query-input":{"@type":"PropertyValueSpecification","valueRequired":true,"valueName":"search_term_string"}}],"inLanguage":"en-US"}]}},"description":{"rendered":"<p class=\"attachment\"><a href='https:\/\/funerariaferreira.pt\/wp-content\/uploads\/2026\/01\/fatima-sequeira-dias-1536-x-2048.png' rel=\"lightbox[6123]\"><img loading=\"lazy\" decoding=\"async\" width=\"225\" height=\"300\" src=\"https:\/\/funerariaferreira.pt\/wp-content\/uploads\/2026\/01\/fatima-sequeira-dias-1536-x-2048-225x300.png\" class=\"attachment-medium size-medium\" alt=\"Homenagem a F\u00e1tima Sequeira Dias | Legado e Hist\u00f3ria | Funer\u00e1ria Ferreira\" srcset=\"https:\/\/funerariaferreira.pt\/wp-content\/uploads\/2026\/01\/fatima-sequeira-dias-1536-x-2048-225x300.png 225w, https:\/\/funerariaferreira.pt\/wp-content\/uploads\/2026\/01\/fatima-sequeira-dias-1536-x-2048-768x1024.png 768w, https:\/\/funerariaferreira.pt\/wp-content\/uploads\/2026\/01\/fatima-sequeira-dias-1536-x-2048-1152x1536.png 1152w, https:\/\/funerariaferreira.pt\/wp-content\/uploads\/2026\/01\/fatima-sequeira-dias-1536-x-2048.png 1536w\" sizes=\"auto, (max-width: 225px) 100vw, 225px\" \/><\/a><\/p>\n<p>Honramos a mem\u00f3ria da Prof.\u00aa Doutora F\u00e1tima Sequeira Dias. Um tributo ao seu percurso acad\u00e9mico e contributo \u00edmpar para a hist\u00f3ria de S\u00e3o Miguel e dos A\u00e7ores.<\/p>\n"},"caption":{"rendered":"<p>Honramos a mem\u00f3ria da Prof.\u00aa Doutora F\u00e1tima Sequeira Dias. Um tributo ao seu percurso acad\u00e9mico e contributo \u00edmpar para a hist\u00f3ria de S\u00e3o Miguel e dos A\u00e7ores.<\/p>\n"},"alt_text":"Homenagem a F\u00e1tima Sequeira Dias | Legado e Hist\u00f3ria | Funer\u00e1ria Ferreira","media_type":"image","mime_type":"image\/png","media_details":{"width":1536,"height":2048,"file":"2026\/01\/fatima-sequeira-dias-1536-x-2048.png","filesize":1933796,"sizes":{"medium":{"file":"fatima-sequeira-dias-1536-x-2048-225x300.png","width":225,"height":300,"filesize":88596,"mime_type":"image\/png","source_url":"https:\/\/funerariaferreira.pt\/wp-content\/uploads\/2026\/01\/fatima-sequeira-dias-1536-x-2048-225x300.png"},"large":{"file":"fatima-sequeira-dias-1536-x-2048-768x1024.png","width":768,"height":1024,"filesize":652291,"mime_type":"image\/png","source_url":"https:\/\/funerariaferreira.pt\/wp-content\/uploads\/2026\/01\/fatima-sequeira-dias-1536-x-2048-768x1024.png"},"thumbnail":{"file":"fatima-sequeira-dias-1536-x-2048-150x150.png","width":150,"height":150,"filesize":36211,"mime_type":"image\/png","source_url":"https:\/\/funerariaferreira.pt\/wp-content\/uploads\/2026\/01\/fatima-sequeira-dias-1536-x-2048-150x150.png"},"medium_large":{"file":"fatima-sequeira-dias-1536-x-2048-768x1024.png","width":768,"height":1024,"filesize":652291,"mime_type":"image\/png","source_url":"https:\/\/funerariaferreira.pt\/wp-content\/uploads\/2026\/01\/fatima-sequeira-dias-1536-x-2048-768x1024.png"},"1536x1536":{"file":"fatima-sequeira-dias-1536-x-2048-1152x1536.png","width":1152,"height":1536,"filesize":1202697,"mime_type":"image\/png","source_url":"https:\/\/funerariaferreira.pt\/wp-content\/uploads\/2026\/01\/fatima-sequeira-dias-1536-x-2048-1152x1536.png"},"quadradoimg":{"file":"fatima-sequeira-dias-1536-x-2048-290x165.png","width":290,"height":165,"filesize":65057,"mime_type":"image\/png","source_url":"https:\/\/funerariaferreira.pt\/wp-content\/uploads\/2026\/01\/fatima-sequeira-dias-1536-x-2048-290x165.png"},"quadradoimgservicos":{"file":"fatima-sequeira-dias-1536-x-2048-200x200.png","width":200,"height":200,"filesize":59702,"mime_type":"image\/png","source_url":"https:\/\/funerariaferreira.pt\/wp-content\/uploads\/2026\/01\/fatima-sequeira-dias-1536-x-2048-200x200.png"},"post-thumbnail":{"file":"fatima-sequeira-dias-1536-x-2048-940x198.png","width":940,"height":198,"filesize":160185,"mime_type":"image\/png","source_url":"https:\/\/funerariaferreira.pt\/wp-content\/uploads\/2026\/01\/fatima-sequeira-dias-1536-x-2048-940x198.png"},"full":{"file":"fatima-sequeira-dias-1536-x-2048.png","width":1536,"height":2048,"mime_type":"image\/png","source_url":"https:\/\/funerariaferreira.pt\/wp-content\/uploads\/2026\/01\/fatima-sequeira-dias-1536-x-2048.png"}},"image_meta":{"aperture":"0","credit":"","camera":"","caption":"","created_timestamp":"0","copyright":"","focal_length":"0","iso":"0","shutter_speed":"0","title":"","orientation":"0","keywords":[]}},"post":1674,"source_url":"https:\/\/funerariaferreira.pt\/wp-content\/uploads\/2026\/01\/fatima-sequeira-dias-1536-x-2048.png","_links":{"self":[{"href":"https:\/\/funerariaferreira.pt\/en\/wp-json\/wp\/v2\/media\/6123","targetHints":{"allow":["GET"]}}],"collection":[{"href":"https:\/\/funerariaferreira.pt\/en\/wp-json\/wp\/v2\/media"}],"about":[{"href":"https:\/\/funerariaferreira.pt\/en\/wp-json\/wp\/v2\/types\/attachment"}],"author":[{"embeddable":true,"href":"https:\/\/funerariaferreira.pt\/en\/wp-json\/wp\/v2\/users\/1"}],"replies":[{"embeddable":true,"href":"https:\/\/funerariaferreira.pt\/en\/wp-json\/wp\/v2\/comments?post=6123"}],"wp:attached-to":[{"embeddable":true,"post_type":"page","id":1674,"href":"https:\/\/funerariaferreira.pt\/en\/wp-json\/wp\/v2\/pages\/1674"}],"curies":[{"name":"wp","href":"https:\/\/api.w.org\/{rel}","templated":true}]}}

Fátima Sequeira Dias 1536 x 2048

<!-- This site is optimized with the Yoast SEO plugin v27.1.1 - https://yoast.com/product/yoast-seo-wordpress/ -->
<title>Fátima Sequeira Dias 1536 x 2048 - Agencia Funerária Ferreira - Ponta Delgada - São Miguel - Açores</title>
<meta name="robots" content="index, follow, max-snippet:-1, max-image-preview:large, max-video-preview:-1" />
<link rel="canonical" href="https://funerariaferreira.pt/wp-content/uploads/2026/01/fatima-sequeira-dias-1536-x-2048.png" />
<meta property="og:locale" content="en_US" />
<meta property="og:type" content="article" />
<meta property="og:title" content="Fátima Sequeira Dias 1536 x 2048 - Agencia Funerária Ferreira - Ponta Delgada - São Miguel - Açores" />
<meta property="og:description" content="Honramos a memória da Prof.ª Doutora Fátima Sequeira Dias. Um tributo ao seu percurso académico e contributo ímpar para a história de São Miguel e dos Açores." />
<meta property="og:url" content="https://funerariaferreira.pt/wp-content/uploads/2026/01/fatima-sequeira-dias-1536-x-2048.png" />
<meta property="og:site_name" content="Agencia Funerária Ferreira - Ponta Delgada - São Miguel - Açores" />
<meta property="og:image" content="https://funerariaferreira.pt/wp-content/uploads/2026/01/fatima-sequeira-dias-1536-x-2048.png" />
	<meta property="og:image:width" content="1536" />
	<meta property="og:image:height" content="2048" />
	<meta property="og:image:type" content="image/png" />
<meta name="twitter:card" content="summary_large_image" />
<script type="application/ld+json" class="yoast-schema-graph">{"@context":"https://schema.org","@graph":[{"@type":"WebPage","@id":"https://funerariaferreira.pt/wp-content/uploads/2026/01/fatima-sequeira-dias-1536-x-2048.png","url":"https://funerariaferreira.pt/wp-content/uploads/2026/01/fatima-sequeira-dias-1536-x-2048.png","name":"Fátima Sequeira Dias 1536 x 2048 - Agencia Funerária Ferreira - Ponta Delgada - São Miguel - Açores","isPartOf":{"@id":"https://funerariaferreira.pt/#website"},"datePublished":"2026-01-23T18:09:53+00:00","breadcrumb":{"@id":"https://funerariaferreira.pt/wp-content/uploads/2026/01/fatima-sequeira-dias-1536-x-2048.png#breadcrumb"},"inLanguage":"en-US","potentialAction":[{"@type":"ReadAction","target":["https://funerariaferreira.pt/wp-content/uploads/2026/01/fatima-sequeira-dias-1536-x-2048.png"]}]},{"@type":"BreadcrumbList","@id":"https://funerariaferreira.pt/wp-content/uploads/2026/01/fatima-sequeira-dias-1536-x-2048.png#breadcrumb","itemListElement":[{"@type":"ListItem","position":1,"name":"Home","item":"https://funerariaferreira.pt/"},{"@type":"ListItem","position":2,"name":"Fátima Sequeira Dias","item":"https://funerariaferreira.pt/en/fatima-sequeira-dias/"},{"@type":"ListItem","position":3,"name":"Fátima Sequeira Dias 1536 x 2048"}]},{"@type":"WebSite","@id":"https://funerariaferreira.pt/#website","url":"https://funerariaferreira.pt/","name":"Agencia Funerária Ferreira - Ponta Delgada - São Miguel - Açores","description":"","potentialAction":[{"@type":"SearchAction","target":{"@type":"EntryPoint","urlTemplate":"https://funerariaferreira.pt/?s={search_term_string}"},"query-input":{"@type":"PropertyValueSpecification","valueRequired":true,"valueName":"search_term_string"}}],"inLanguage":"en-US"}]}</script>
<!-- / Yoast SEO plugin. -->

Fátima Sequeira Dias 1536 x 2048 - Agencia Funerária Ferreira - Ponta Delgada - São Miguel - Açores

Honramos a memória da Prof.ª Doutora Fátima Sequeira Dias. Um tributo ao seu percurso académico e contributo ímpar para a história de São Miguel e dos Açores.

Agencia Funerária Ferreira - Ponta Delgada - São Miguel - Açores

Fátima Sequeira Dias

<p class="attachment"><a href='https://funerariaferreira.pt/wp-content/uploads/2026/01/fatima-sequeira-dias-1536-x-2048.png' rel="lightbox[6123]"><img loading="lazy" decoding="async" width="225" height="300" src="https://funerariaferreira.pt/wp-content/uploads/2026/01/fatima-sequeira-dias-1536-x-2048-225x300.png" class="attachment-medium size-medium" alt="Homenagem a Fátima Sequeira Dias | Legado e História | Funerária Ferreira" srcset="https://funerariaferreira.pt/wp-content/uploads/2026/01/fatima-sequeira-dias-1536-x-2048-225x300.png 225w, https://funerariaferreira.pt/wp-content/uploads/2026/01/fatima-sequeira-dias-1536-x-2048-768x1024.png 768w, https://funerariaferreira.pt/wp-content/uploads/2026/01/fatima-sequeira-dias-1536-x-2048-1152x1536.png 1152w, https://funerariaferreira.pt/wp-content/uploads/2026/01/fatima-sequeira-dias-1536-x-2048.png 1536w" sizes="auto, (max-width: 225px) 100vw, 225px" /></a></p>
<p>Honramos a memória da Prof.ª Doutora Fátima Sequeira Dias. Um tributo ao seu percurso académico e contributo ímpar para a história de São Miguel e dos Açores.</p>

<p>Honramos a memória da Prof.ª Doutora Fátima Sequeira Dias. Um tributo ao seu percurso académico e contributo ímpar para a história de São Miguel e dos Açores.</p>

Homenagem a Fátima Sequeira Dias | Legado e História | Funerária Ferreira
