{"id":6725,"date":"2026-03-26T13:23:30","date_gmt":"2026-03-26T13:23:30","guid":{"rendered":"https:\/\/funerariaferreira.pt\/wp-content\/uploads\/2026\/03\/vasco-elias-bensaude-funeraria-ferreira.png"},"modified":"2026-03-26T13:27:54","modified_gmt":"2026-03-26T13:27:54","slug":"vasco-elias-bensaude-funeraria-ferreira-2","status":"inherit","type":"attachment","link":"https:\/\/funerariaferreira.pt\/en\/vasco-elias-bensaude\/vasco-elias-bensaude-funeraria-ferreira-2\/","title":{"rendered":"Vasco Elias Bensaude &#8211; FUNERARIA FERREIRA"},"author":3,"featured_media":0,"comment_status":"open","ping_status":"closed","template":"","meta":{"_acf_changed":false},"class_list":["post-6725","attachment","type-attachment","status-inherit","hentry"],"acf":[],"yoast_head":"<!-- This site is optimized with the Yoast SEO plugin v27.1.1 - https:\/\/yoast.com\/product\/yoast-seo-wordpress\/ -->\n<title>Vasco Elias Bensaude - FUNERARIA FERREIRA - Agencia Funer\u00e1ria Ferreira - Ponta Delgada - S\u00e3o Miguel - A\u00e7ores<\/title>\n<meta name=\"robots\" content=\"index, follow, max-snippet:-1, max-image-preview:large, max-video-preview:-1\" \/>\n<link rel=\"canonical\" href=\"https:\/\/funerariaferreira.pt\/wp-content\/uploads\/2026\/03\/vasco-elias-bensaude-funeraria-ferreira.png\" \/>\n<meta property=\"og:locale\" content=\"en_US\" \/>\n<meta property=\"og:type\" content=\"article\" \/>\n<meta property=\"og:title\" content=\"Vasco Elias Bensaude - FUNERARIA FERREIRA - Agencia Funer\u00e1ria Ferreira - Ponta Delgada - S\u00e3o Miguel - A\u00e7ores\" \/>\n<meta property=\"og:description\" content=\"Honouring the life and legacy of Vasco Elias Bensaude (1896\u20131967). Explore the history of the visionary entrepreneur behind SATA and the Terra Nostra Garden Hotel.\" \/>\n<meta property=\"og:url\" content=\"https:\/\/funerariaferreira.pt\/wp-content\/uploads\/2026\/03\/vasco-elias-bensaude-funeraria-ferreira.png\" \/>\n<meta property=\"og:site_name\" content=\"Agencia Funer\u00e1ria Ferreira - Ponta Delgada - S\u00e3o Miguel - A\u00e7ores\" \/>\n<meta property=\"article:modified_time\" content=\"2026-03-26T13:27:54+00:00\" \/>\n<meta property=\"og:image\" content=\"https:\/\/funerariaferreira.pt\/wp-content\/uploads\/2026\/03\/vasco-elias-bensaude-funeraria-ferreira.png\" \/>\n\t<meta property=\"og:image:width\" content=\"469\" \/>\n\t<meta property=\"og:image:height\" content=\"688\" \/>\n\t<meta property=\"og:image:type\" content=\"image\/png\" \/>\n<meta name=\"twitter:card\" content=\"summary_large_image\" \/>\n<script type=\"application\/ld+json\" class=\"yoast-schema-graph\">{\"@context\":\"https:\/\/schema.org\",\"@graph\":[{\"@type\":\"WebPage\",\"@id\":\"https:\/\/funerariaferreira.pt\/wp-content\/uploads\/2026\/03\/vasco-elias-bensaude-funeraria-ferreira.png\",\"url\":\"https:\/\/funerariaferreira.pt\/wp-content\/uploads\/2026\/03\/vasco-elias-bensaude-funeraria-ferreira.png\",\"name\":\"Vasco Elias Bensaude - FUNERARIA FERREIRA - Agencia Funer\u00e1ria Ferreira - Ponta Delgada - S\u00e3o Miguel - A\u00e7ores\",\"isPartOf\":{\"@id\":\"https:\/\/funerariaferreira.pt\/#website\"},\"datePublished\":\"2026-03-26T13:23:30+00:00\",\"dateModified\":\"2026-03-26T13:27:54+00:00\",\"breadcrumb\":{\"@id\":\"https:\/\/funerariaferreira.pt\/wp-content\/uploads\/2026\/03\/vasco-elias-bensaude-funeraria-ferreira.png#breadcrumb\"},\"inLanguage\":\"en-US\",\"potentialAction\":[{\"@type\":\"ReadAction\",\"target\":[\"https:\/\/funerariaferreira.pt\/wp-content\/uploads\/2026\/03\/vasco-elias-bensaude-funeraria-ferreira.png\"]}]},{\"@type\":\"BreadcrumbList\",\"@id\":\"https:\/\/funerariaferreira.pt\/wp-content\/uploads\/2026\/03\/vasco-elias-bensaude-funeraria-ferreira.png#breadcrumb\",\"itemListElement\":[{\"@type\":\"ListItem\",\"position\":1,\"name\":\"Home\",\"item\":\"https:\/\/funerariaferreira.pt\/\"},{\"@type\":\"ListItem\",\"position\":2,\"name\":\"Vasco Elias Bensa\u00fade\",\"item\":\"https:\/\/funerariaferreira.pt\/en\/vasco-elias-bensaude\/\"},{\"@type\":\"ListItem\",\"position\":3,\"name\":\"Vasco Elias Bensaude &#8211; FUNERARIA FERREIRA\"}]},{\"@type\":\"WebSite\",\"@id\":\"https:\/\/funerariaferreira.pt\/#website\",\"url\":\"https:\/\/funerariaferreira.pt\/\",\"name\":\"Agencia Funer\u00e1ria Ferreira - Ponta Delgada - S\u00e3o Miguel - A\u00e7ores\",\"description\":\"\",\"potentialAction\":[{\"@type\":\"SearchAction\",\"target\":{\"@type\":\"EntryPoint\",\"urlTemplate\":\"https:\/\/funerariaferreira.pt\/?s={search_term_string}\"},\"query-input\":{\"@type\":\"PropertyValueSpecification\",\"valueRequired\":true,\"valueName\":\"search_term_string\"}}],\"inLanguage\":\"en-US\"}]}<\/script>\n<!-- \/ Yoast SEO plugin. -->","yoast_head_json":{"title":"Vasco Elias Bensaude - FUNERARIA FERREIRA - Agencia Funer\u00e1ria Ferreira - Ponta Delgada - S\u00e3o Miguel - A\u00e7ores","robots":{"index":"index","follow":"follow","max-snippet":"max-snippet:-1","max-image-preview":"max-image-preview:large","max-video-preview":"max-video-preview:-1"},"canonical":"https:\/\/funerariaferreira.pt\/wp-content\/uploads\/2026\/03\/vasco-elias-bensaude-funeraria-ferreira.png","og_locale":"en_US","og_type":"article","og_title":"Vasco Elias Bensaude - FUNERARIA FERREIRA - Agencia Funer\u00e1ria Ferreira - Ponta Delgada - S\u00e3o Miguel - A\u00e7ores","og_description":"Honouring the life and legacy of Vasco Elias Bensaude (1896\u20131967). Explore the history of the visionary entrepreneur behind SATA and the Terra Nostra Garden Hotel.","og_url":"https:\/\/funerariaferreira.pt\/wp-content\/uploads\/2026\/03\/vasco-elias-bensaude-funeraria-ferreira.png","og_site_name":"Agencia Funer\u00e1ria Ferreira - Ponta Delgada - S\u00e3o Miguel - A\u00e7ores","article_modified_time":"2026-03-26T13:27:54+00:00","og_image":[{"width":469,"height":688,"url":"https:\/\/funerariaferreira.pt\/wp-content\/uploads\/2026\/03\/vasco-elias-bensaude-funeraria-ferreira.png","type":"image\/png"}],"twitter_card":"summary_large_image","schema":{"@context":"https:\/\/schema.org","@graph":[{"@type":"WebPage","@id":"https:\/\/funerariaferreira.pt\/wp-content\/uploads\/2026\/03\/vasco-elias-bensaude-funeraria-ferreira.png","url":"https:\/\/funerariaferreira.pt\/wp-content\/uploads\/2026\/03\/vasco-elias-bensaude-funeraria-ferreira.png","name":"Vasco Elias Bensaude - FUNERARIA FERREIRA - Agencia Funer\u00e1ria Ferreira - Ponta Delgada - S\u00e3o Miguel - A\u00e7ores","isPartOf":{"@id":"https:\/\/funerariaferreira.pt\/#website"},"datePublished":"2026-03-26T13:23:30+00:00","dateModified":"2026-03-26T13:27:54+00:00","breadcrumb":{"@id":"https:\/\/funerariaferreira.pt\/wp-content\/uploads\/2026\/03\/vasco-elias-bensaude-funeraria-ferreira.png#breadcrumb"},"inLanguage":"en-US","potentialAction":[{"@type":"ReadAction","target":["https:\/\/funerariaferreira.pt\/wp-content\/uploads\/2026\/03\/vasco-elias-bensaude-funeraria-ferreira.png"]}]},{"@type":"BreadcrumbList","@id":"https:\/\/funerariaferreira.pt\/wp-content\/uploads\/2026\/03\/vasco-elias-bensaude-funeraria-ferreira.png#breadcrumb","itemListElement":[{"@type":"ListItem","position":1,"name":"Home","item":"https:\/\/funerariaferreira.pt\/"},{"@type":"ListItem","position":2,"name":"Vasco Elias Bensa\u00fade","item":"https:\/\/funerariaferreira.pt\/en\/vasco-elias-bensaude\/"},{"@type":"ListItem","position":3,"name":"Vasco Elias Bensaude &#8211; FUNERARIA FERREIRA"}]},{"@type":"WebSite","@id":"https:\/\/funerariaferreira.pt\/#website","url":"https:\/\/funerariaferreira.pt\/","name":"Agencia Funer\u00e1ria Ferreira - Ponta Delgada - S\u00e3o Miguel - A\u00e7ores","description":"","potentialAction":[{"@type":"SearchAction","target":{"@type":"EntryPoint","urlTemplate":"https:\/\/funerariaferreira.pt\/?s={search_term_string}"},"query-input":{"@type":"PropertyValueSpecification","valueRequired":true,"valueName":"search_term_string"}}],"inLanguage":"en-US"}]}},"description":{"rendered":"<p class=\"attachment\"><a href='https:\/\/funerariaferreira.pt\/wp-content\/uploads\/2026\/03\/vasco-elias-bensaude-funeraria-ferreira.png' rel=\"lightbox[6725]\"><img loading=\"lazy\" decoding=\"async\" width=\"205\" height=\"300\" src=\"https:\/\/funerariaferreira.pt\/wp-content\/uploads\/2026\/03\/vasco-elias-bensaude-funeraria-ferreira-205x300.png\" class=\"attachment-medium size-medium\" alt=\"Vasco Elias Bensa\u00fade\" srcset=\"https:\/\/funerariaferreira.pt\/wp-content\/uploads\/2026\/03\/vasco-elias-bensaude-funeraria-ferreira-205x300.png 205w, https:\/\/funerariaferreira.pt\/wp-content\/uploads\/2026\/03\/vasco-elias-bensaude-funeraria-ferreira.png 469w\" sizes=\"auto, (max-width: 205px) 100vw, 205px\" \/><\/a><\/p>\n<p>Honouring the life and legacy of Vasco Elias Bensaude (1896\u20131967). Explore the history of the visionary entrepreneur behind SATA and the Terra Nostra Garden Hotel.<\/p>\n"},"caption":{"rendered":"<p>Honouring the life and legacy of Vasco Elias Bensaude (1896\u20131967). Explore the history of the visionary entrepreneur behind SATA and the Terra Nostra Garden Hotel.<\/p>\n"},"alt_text":"Vasco Elias Bensa\u00fade","media_type":"image","mime_type":"image\/png","media_details":{"width":469,"height":688,"file":"2026\/03\/vasco-elias-bensaude-funeraria-ferreira.png","filesize":351331,"sizes":{"medium":{"file":"vasco-elias-bensaude-funeraria-ferreira-205x300.png","width":205,"height":300,"filesize":63215,"mime_type":"image\/png","source_url":"https:\/\/funerariaferreira.pt\/wp-content\/uploads\/2026\/03\/vasco-elias-bensaude-funeraria-ferreira-205x300.png"},"thumbnail":{"file":"vasco-elias-bensaude-funeraria-ferreira-150x150.png","width":150,"height":150,"filesize":27676,"mime_type":"image\/png","source_url":"https:\/\/funerariaferreira.pt\/wp-content\/uploads\/2026\/03\/vasco-elias-bensaude-funeraria-ferreira-150x150.png"},"quadradoimg":{"file":"vasco-elias-bensaude-funeraria-ferreira-290x165.png","width":290,"height":165,"filesize":57550,"mime_type":"image\/png","source_url":"https:\/\/funerariaferreira.pt\/wp-content\/uploads\/2026\/03\/vasco-elias-bensaude-funeraria-ferreira-290x165.png"},"quadradoimgservicos":{"file":"vasco-elias-bensaude-funeraria-ferreira-200x200.png","width":200,"height":200,"filesize":46914,"mime_type":"image\/png","source_url":"https:\/\/funerariaferreira.pt\/wp-content\/uploads\/2026\/03\/vasco-elias-bensaude-funeraria-ferreira-200x200.png"},"post-thumbnail":{"file":"vasco-elias-bensaude-funeraria-ferreira-469x198.png","width":469,"height":198,"filesize":125215,"mime_type":"image\/png","source_url":"https:\/\/funerariaferreira.pt\/wp-content\/uploads\/2026\/03\/vasco-elias-bensaude-funeraria-ferreira-469x198.png"},"full":{"file":"vasco-elias-bensaude-funeraria-ferreira.png","width":469,"height":688,"mime_type":"image\/png","source_url":"https:\/\/funerariaferreira.pt\/wp-content\/uploads\/2026\/03\/vasco-elias-bensaude-funeraria-ferreira.png"}},"image_meta":{"aperture":"0","credit":"","camera":"","caption":"","created_timestamp":"0","copyright":"","focal_length":"0","iso":"0","shutter_speed":"0","title":"","orientation":"0","keywords":[]}},"post":1696,"source_url":"https:\/\/funerariaferreira.pt\/wp-content\/uploads\/2026\/03\/vasco-elias-bensaude-funeraria-ferreira.png","_links":{"self":[{"href":"https:\/\/funerariaferreira.pt\/en\/wp-json\/wp\/v2\/media\/6725","targetHints":{"allow":["GET"]}}],"collection":[{"href":"https:\/\/funerariaferreira.pt\/en\/wp-json\/wp\/v2\/media"}],"about":[{"href":"https:\/\/funerariaferreira.pt\/en\/wp-json\/wp\/v2\/types\/attachment"}],"author":[{"embeddable":true,"href":"https:\/\/funerariaferreira.pt\/en\/wp-json\/wp\/v2\/users\/3"}],"replies":[{"embeddable":true,"href":"https:\/\/funerariaferreira.pt\/en\/wp-json\/wp\/v2\/comments?post=6725"}],"wp:attached-to":[{"embeddable":true,"post_type":"page","id":1696,"href":"https:\/\/funerariaferreira.pt\/en\/wp-json\/wp\/v2\/pages\/1696"}],"curies":[{"name":"wp","href":"https:\/\/api.w.org\/{rel}","templated":true}]}}

<!-- This site is optimized with the Yoast SEO plugin v27.1.1 - https://yoast.com/product/yoast-seo-wordpress/ -->
<title>Vasco Elias Bensaude - FUNERARIA FERREIRA - Agencia Funerária Ferreira - Ponta Delgada - São Miguel - Açores</title>
<meta name="robots" content="index, follow, max-snippet:-1, max-image-preview:large, max-video-preview:-1" />
<link rel="canonical" href="https://funerariaferreira.pt/wp-content/uploads/2026/03/vasco-elias-bensaude-funeraria-ferreira.png" />
<meta property="og:locale" content="en_US" />
<meta property="og:type" content="article" />
<meta property="og:title" content="Vasco Elias Bensaude - FUNERARIA FERREIRA - Agencia Funerária Ferreira - Ponta Delgada - São Miguel - Açores" />
<meta property="og:description" content="Honouring the life and legacy of Vasco Elias Bensaude (1896–1967). Explore the history of the visionary entrepreneur behind SATA and the Terra Nostra Garden Hotel." />
<meta property="og:url" content="https://funerariaferreira.pt/wp-content/uploads/2026/03/vasco-elias-bensaude-funeraria-ferreira.png" />
<meta property="og:site_name" content="Agencia Funerária Ferreira - Ponta Delgada - São Miguel - Açores" />
<meta property="article:modified_time" content="2026-03-26T13:27:54+00:00" />
<meta property="og:image" content="https://funerariaferreira.pt/wp-content/uploads/2026/03/vasco-elias-bensaude-funeraria-ferreira.png" />
	<meta property="og:image:width" content="469" />
	<meta property="og:image:height" content="688" />
	<meta property="og:image:type" content="image/png" />
<meta name="twitter:card" content="summary_large_image" />
<script type="application/ld+json" class="yoast-schema-graph">{"@context":"https://schema.org","@graph":[{"@type":"WebPage","@id":"https://funerariaferreira.pt/wp-content/uploads/2026/03/vasco-elias-bensaude-funeraria-ferreira.png","url":"https://funerariaferreira.pt/wp-content/uploads/2026/03/vasco-elias-bensaude-funeraria-ferreira.png","name":"Vasco Elias Bensaude - FUNERARIA FERREIRA - Agencia Funerária Ferreira - Ponta Delgada - São Miguel - Açores","isPartOf":{"@id":"https://funerariaferreira.pt/#website"},"datePublished":"2026-03-26T13:23:30+00:00","dateModified":"2026-03-26T13:27:54+00:00","breadcrumb":{"@id":"https://funerariaferreira.pt/wp-content/uploads/2026/03/vasco-elias-bensaude-funeraria-ferreira.png#breadcrumb"},"inLanguage":"en-US","potentialAction":[{"@type":"ReadAction","target":["https://funerariaferreira.pt/wp-content/uploads/2026/03/vasco-elias-bensaude-funeraria-ferreira.png"]}]},{"@type":"BreadcrumbList","@id":"https://funerariaferreira.pt/wp-content/uploads/2026/03/vasco-elias-bensaude-funeraria-ferreira.png#breadcrumb","itemListElement":[{"@type":"ListItem","position":1,"name":"Home","item":"https://funerariaferreira.pt/"},{"@type":"ListItem","position":2,"name":"Vasco Elias Bensaúde","item":"https://funerariaferreira.pt/en/vasco-elias-bensaude/"},{"@type":"ListItem","position":3,"name":"Vasco Elias Bensaude &#8211; FUNERARIA FERREIRA"}]},{"@type":"WebSite","@id":"https://funerariaferreira.pt/#website","url":"https://funerariaferreira.pt/","name":"Agencia Funerária Ferreira - Ponta Delgada - São Miguel - Açores","description":"","potentialAction":[{"@type":"SearchAction","target":{"@type":"EntryPoint","urlTemplate":"https://funerariaferreira.pt/?s={search_term_string}"},"query-input":{"@type":"PropertyValueSpecification","valueRequired":true,"valueName":"search_term_string"}}],"inLanguage":"en-US"}]}</script>
<!-- / Yoast SEO plugin. -->

Vasco Elias Bensaude - FUNERARIA FERREIRA - Agencia Funerária Ferreira - Ponta Delgada - São Miguel - Açores

Agencia Funerária Ferreira - Ponta Delgada - São Miguel - Açores

Vasco Elias Bensaúde

<p class="attachment"><a href='https://funerariaferreira.pt/wp-content/uploads/2026/03/vasco-elias-bensaude-funeraria-ferreira.png' rel="lightbox[6725]"><img loading="lazy" decoding="async" width="205" height="300" src="https://funerariaferreira.pt/wp-content/uploads/2026/03/vasco-elias-bensaude-funeraria-ferreira-205x300.png" class="attachment-medium size-medium" alt="Vasco Elias Bensaúde" srcset="https://funerariaferreira.pt/wp-content/uploads/2026/03/vasco-elias-bensaude-funeraria-ferreira-205x300.png 205w, https://funerariaferreira.pt/wp-content/uploads/2026/03/vasco-elias-bensaude-funeraria-ferreira.png 469w" sizes="auto, (max-width: 205px) 100vw, 205px" /></a></p>
<p>Honouring the life and legacy of Vasco Elias Bensaude (1896–1967). Explore the history of the visionary entrepreneur behind SATA and the Terra Nostra Garden Hotel.</p>
