{"id":1638,"date":"2016-09-02T18:23:20","date_gmt":"2016-09-02T18:23:20","guid":{"rendered":"http:\/\/www.funerariaferreira.pt\/en\/agostinho-tavares-monsenhor\/"},"modified":"2026-01-23T11:34:19","modified_gmt":"2026-01-23T11:34:19","slug":"agostinho-tavares-monsenhor","status":"publish","type":"page","link":"https:\/\/funerariaferreira.pt\/en\/agostinho-tavares-monsenhor\/","title":{"rendered":"Agostinho Tavares, Monsenhor"},"content":{"rendered":"<p style=\"text-align: justify;\"><span style=\"color: initial; font-size: revert;\"><img loading=\"lazy\" decoding=\"async\" class=\"alignleft size-medium wp-image-5827\" src=\"https:\/\/funerariaferreira.pt\/wp-content\/uploads\/2026\/01\/agostinho-tavares-monsenhor-v2-1536-x-2048-1-225x300.png\" alt=\"Agostinho Tavares, Monsenhor\" width=\"225\" height=\"300\" srcset=\"https:\/\/funerariaferreira.pt\/wp-content\/uploads\/2026\/01\/agostinho-tavares-monsenhor-v2-1536-x-2048-1-225x300.png 225w, https:\/\/funerariaferreira.pt\/wp-content\/uploads\/2026\/01\/agostinho-tavares-monsenhor-v2-1536-x-2048-1-768x1024.png 768w, https:\/\/funerariaferreira.pt\/wp-content\/uploads\/2026\/01\/agostinho-tavares-monsenhor-v2-1536-x-2048-1-1152x1536.png 1152w, https:\/\/funerariaferreira.pt\/wp-content\/uploads\/2026\/01\/agostinho-tavares-monsenhor-v2-1536-x-2048-1.png 1536w\" sizes=\"auto, (max-width: 225px) 100vw, 225px\" \/><\/span><\/p>\n<p data-path-to-node=\"0\">Monsignor Agostinho do Couto Tavares, former rector of the Sanctuary of the Lord Holy Christ of Miracles (<span style=\"color: #0000ff;\"><a style=\"color: #0000ff;\" href=\"https:\/\/pt.wikipedia.org\/wiki\/Santo_Cristo_dos_Milagres\"><i data-path-to-node=\"0\" data-index-in-node=\"106\">Senhor Santo Cristo dos Milagres<\/i><\/a><\/span>), passed away on 29 July 2015, at his home in Ponta Delgada, at the age of 85.<\/p>\n<p data-path-to-node=\"1\">Born on 23 July 1930, in the parish of Maia, in the municipality of Ribeira Grande, he graduated from the Episcopal Seminary of Angra. He served as Prefect of Studies and Rector of the Minor Seminary of Ponta Delgada, where he taught Portuguese, Catholic Moral and Religious Education, and Physical Education.<\/p>\n<p data-path-to-node=\"2\">He introduced the Charismatic Renewal Movement to the Diocese of Angra, serving as its spiritual assistant, and was an animator for the Cursillo Movement in Ponta Delgada. He was also responsible for organising the visit of <span style=\"color: #0000ff;\"><a style=\"color: #0000ff;\" href=\"https:\/\/pt.wikipedia.org\/wiki\/Papa_Jo%C3%A3o_Paulo_II\">Pope John Paul II<\/a><\/span> to the Azores.<\/p>\n<p data-path-to-node=\"3\">With 62 years of priesthood, he served from March 1993 to August 2012 as the rector of the Sanctuary of the Lord Holy Christ of Miracles, being regarded as a missionary of the cult of the <i data-path-to-node=\"3\" data-index-in-node=\"188\">Senhor Santo Cristo<\/i> both within and outside the Azores.<\/p>\n<p data-path-to-node=\"4\">On 29 July, a first Eucharist was celebrated at the Sanctuary of the Lord Holy Christ of Miracles at 6:00 pm, followed by the celebration of the Solemn Vespers of the Office of the Dead at 9:00 pm. The church remained open until midnight and reopened at 7:00 am the following day for the usual 8:00 am Mass, with the body present. The procession then proceeded to the parish church of S\u00e3o Jos\u00e9 for the funeral ceremonies, presided over by the Episcopal Vicar for S\u00e3o Miguel, Cipriano Pacheco. At 10:00 am, the funeral Mass was held. Afterwards, the body was taken to his birthplace, Maia, in Ribeira Grande, where he was laid to rest.<\/p>\n","protected":false},"excerpt":{"rendered":"<p>Monsignor Agostinho do Couto Tavares, former rector of the Sanctuary of the Lord Holy Christ of Miracles (Senhor Santo Cristo dos Milagres), passed away on 29 July 2015, at his home in Ponta Delgada, at the age of 85. Born on 23 July 1930, in the parish of Maia, in the municipality of Ribeira Grande, [&hellip;]<\/p>\n","protected":false},"author":1,"featured_media":0,"parent":0,"menu_order":0,"comment_status":"open","ping_status":"closed","template":"","meta":{"_acf_changed":false,"footnotes":""},"class_list":["post-1638","page","type-page","status-publish","hentry"],"acf":[],"yoast_head":"<!-- This site is optimized with the Yoast SEO plugin v27.1.1 - https:\/\/yoast.com\/product\/yoast-seo-wordpress\/ -->\n<title>Agostinho Tavares, Monsenhor - Agencia Funer\u00e1ria Ferreira - Ponta Delgada - S\u00e3o Miguel - A\u00e7ores<\/title>\n<meta name=\"description\" content=\"A tribute to Monsignor Agostinho Tavares. Honouring the life, spiritual legacy, and dedication of an illustrious figure of the Azorean Church in S\u00e3o Miguel.\" \/>\n<meta name=\"robots\" content=\"index, follow, max-snippet:-1, max-image-preview:large, max-video-preview:-1\" \/>\n<link rel=\"canonical\" href=\"https:\/\/funerariaferreira.pt\/en\/agostinho-tavares-monsenhor\/\" \/>\n<meta property=\"og:locale\" content=\"en_US\" \/>\n<meta property=\"og:type\" content=\"article\" \/>\n<meta property=\"og:title\" content=\"Agostinho Tavares, Monsenhor - Agencia Funer\u00e1ria Ferreira - Ponta Delgada - S\u00e3o Miguel - A\u00e7ores\" \/>\n<meta property=\"og:description\" content=\"A tribute to Monsignor Agostinho Tavares. Honouring the life, spiritual legacy, and dedication of an illustrious figure of the Azorean Church in S\u00e3o Miguel.\" \/>\n<meta property=\"og:url\" content=\"https:\/\/funerariaferreira.pt\/en\/agostinho-tavares-monsenhor\/\" \/>\n<meta property=\"og:site_name\" content=\"Agencia Funer\u00e1ria Ferreira - Ponta Delgada - S\u00e3o Miguel - A\u00e7ores\" \/>\n<meta property=\"article:modified_time\" content=\"2026-01-23T11:34:19+00:00\" \/>\n<meta property=\"og:image\" content=\"https:\/\/funerariaferreira.pt\/wp-content\/uploads\/2026\/01\/agostinho-tavares-monsenhor-v2-1536-x-2048-1-225x300.png\" \/>\n<meta name=\"twitter:card\" content=\"summary_large_image\" \/>\n<meta name=\"twitter:label1\" content=\"Est. reading time\" \/>\n\t<meta name=\"twitter:data1\" content=\"2 minutes\" \/>\n<script type=\"application\/ld+json\" class=\"yoast-schema-graph\">{\"@context\":\"https:\/\/schema.org\",\"@graph\":[{\"@type\":\"WebPage\",\"@id\":\"https:\/\/funerariaferreira.pt\/en\/agostinho-tavares-monsenhor\/\",\"url\":\"https:\/\/funerariaferreira.pt\/en\/agostinho-tavares-monsenhor\/\",\"name\":\"Agostinho Tavares, Monsenhor - Agencia Funer\u00e1ria Ferreira - Ponta Delgada - S\u00e3o Miguel - A\u00e7ores\",\"isPartOf\":{\"@id\":\"https:\/\/funerariaferreira.pt\/#website\"},\"primaryImageOfPage\":{\"@id\":\"https:\/\/funerariaferreira.pt\/en\/agostinho-tavares-monsenhor\/#primaryimage\"},\"image\":{\"@id\":\"https:\/\/funerariaferreira.pt\/en\/agostinho-tavares-monsenhor\/#primaryimage\"},\"thumbnailUrl\":\"https:\/\/funerariaferreira.pt\/wp-content\/uploads\/2026\/01\/agostinho-tavares-monsenhor-v2-1536-x-2048-1-225x300.png\",\"datePublished\":\"2016-09-02T18:23:20+00:00\",\"dateModified\":\"2026-01-23T11:34:19+00:00\",\"description\":\"A tribute to Monsignor Agostinho Tavares. Honouring the life, spiritual legacy, and dedication of an illustrious figure of the Azorean Church in S\u00e3o Miguel.\",\"breadcrumb\":{\"@id\":\"https:\/\/funerariaferreira.pt\/en\/agostinho-tavares-monsenhor\/#breadcrumb\"},\"inLanguage\":\"en-US\",\"potentialAction\":[{\"@type\":\"ReadAction\",\"target\":[\"https:\/\/funerariaferreira.pt\/en\/agostinho-tavares-monsenhor\/\"]}]},{\"@type\":\"ImageObject\",\"inLanguage\":\"en-US\",\"@id\":\"https:\/\/funerariaferreira.pt\/en\/agostinho-tavares-monsenhor\/#primaryimage\",\"url\":\"https:\/\/funerariaferreira.pt\/wp-content\/uploads\/2026\/01\/agostinho-tavares-monsenhor-v2-1536-x-2048-1-225x300.png\",\"contentUrl\":\"https:\/\/funerariaferreira.pt\/wp-content\/uploads\/2026\/01\/agostinho-tavares-monsenhor-v2-1536-x-2048-1-225x300.png\"},{\"@type\":\"BreadcrumbList\",\"@id\":\"https:\/\/funerariaferreira.pt\/en\/agostinho-tavares-monsenhor\/#breadcrumb\",\"itemListElement\":[{\"@type\":\"ListItem\",\"position\":1,\"name\":\"Home\",\"item\":\"https:\/\/funerariaferreira.pt\/\"},{\"@type\":\"ListItem\",\"position\":2,\"name\":\"Agostinho Tavares, Monsenhor\"}]},{\"@type\":\"WebSite\",\"@id\":\"https:\/\/funerariaferreira.pt\/#website\",\"url\":\"https:\/\/funerariaferreira.pt\/\",\"name\":\"Agencia Funer\u00e1ria Ferreira - Ponta Delgada - S\u00e3o Miguel - A\u00e7ores\",\"description\":\"\",\"potentialAction\":[{\"@type\":\"SearchAction\",\"target\":{\"@type\":\"EntryPoint\",\"urlTemplate\":\"https:\/\/funerariaferreira.pt\/?s={search_term_string}\"},\"query-input\":{\"@type\":\"PropertyValueSpecification\",\"valueRequired\":true,\"valueName\":\"search_term_string\"}}],\"inLanguage\":\"en-US\"}]}<\/script>\n<!-- \/ Yoast SEO plugin. -->","yoast_head_json":{"title":"Agostinho Tavares, Monsenhor - Agencia Funer\u00e1ria Ferreira - Ponta Delgada - S\u00e3o Miguel - A\u00e7ores","description":"A tribute to Monsignor Agostinho Tavares. Honouring the life, spiritual legacy, and dedication of an illustrious figure of the Azorean Church in S\u00e3o Miguel.","robots":{"index":"index","follow":"follow","max-snippet":"max-snippet:-1","max-image-preview":"max-image-preview:large","max-video-preview":"max-video-preview:-1"},"canonical":"https:\/\/funerariaferreira.pt\/en\/agostinho-tavares-monsenhor\/","og_locale":"en_US","og_type":"article","og_title":"Agostinho Tavares, Monsenhor - Agencia Funer\u00e1ria Ferreira - Ponta Delgada - S\u00e3o Miguel - A\u00e7ores","og_description":"A tribute to Monsignor Agostinho Tavares. Honouring the life, spiritual legacy, and dedication of an illustrious figure of the Azorean Church in S\u00e3o Miguel.","og_url":"https:\/\/funerariaferreira.pt\/en\/agostinho-tavares-monsenhor\/","og_site_name":"Agencia Funer\u00e1ria Ferreira - Ponta Delgada - S\u00e3o Miguel - A\u00e7ores","article_modified_time":"2026-01-23T11:34:19+00:00","og_image":[{"url":"https:\/\/funerariaferreira.pt\/wp-content\/uploads\/2026\/01\/agostinho-tavares-monsenhor-v2-1536-x-2048-1-225x300.png","type":"","width":"","height":""}],"twitter_card":"summary_large_image","twitter_misc":{"Est. reading time":"2 minutes"},"schema":{"@context":"https:\/\/schema.org","@graph":[{"@type":"WebPage","@id":"https:\/\/funerariaferreira.pt\/en\/agostinho-tavares-monsenhor\/","url":"https:\/\/funerariaferreira.pt\/en\/agostinho-tavares-monsenhor\/","name":"Agostinho Tavares, Monsenhor - Agencia Funer\u00e1ria Ferreira - Ponta Delgada - S\u00e3o Miguel - A\u00e7ores","isPartOf":{"@id":"https:\/\/funerariaferreira.pt\/#website"},"primaryImageOfPage":{"@id":"https:\/\/funerariaferreira.pt\/en\/agostinho-tavares-monsenhor\/#primaryimage"},"image":{"@id":"https:\/\/funerariaferreira.pt\/en\/agostinho-tavares-monsenhor\/#primaryimage"},"thumbnailUrl":"https:\/\/funerariaferreira.pt\/wp-content\/uploads\/2026\/01\/agostinho-tavares-monsenhor-v2-1536-x-2048-1-225x300.png","datePublished":"2016-09-02T18:23:20+00:00","dateModified":"2026-01-23T11:34:19+00:00","description":"A tribute to Monsignor Agostinho Tavares. Honouring the life, spiritual legacy, and dedication of an illustrious figure of the Azorean Church in S\u00e3o Miguel.","breadcrumb":{"@id":"https:\/\/funerariaferreira.pt\/en\/agostinho-tavares-monsenhor\/#breadcrumb"},"inLanguage":"en-US","potentialAction":[{"@type":"ReadAction","target":["https:\/\/funerariaferreira.pt\/en\/agostinho-tavares-monsenhor\/"]}]},{"@type":"ImageObject","inLanguage":"en-US","@id":"https:\/\/funerariaferreira.pt\/en\/agostinho-tavares-monsenhor\/#primaryimage","url":"https:\/\/funerariaferreira.pt\/wp-content\/uploads\/2026\/01\/agostinho-tavares-monsenhor-v2-1536-x-2048-1-225x300.png","contentUrl":"https:\/\/funerariaferreira.pt\/wp-content\/uploads\/2026\/01\/agostinho-tavares-monsenhor-v2-1536-x-2048-1-225x300.png"},{"@type":"BreadcrumbList","@id":"https:\/\/funerariaferreira.pt\/en\/agostinho-tavares-monsenhor\/#breadcrumb","itemListElement":[{"@type":"ListItem","position":1,"name":"Home","item":"https:\/\/funerariaferreira.pt\/"},{"@type":"ListItem","position":2,"name":"Agostinho Tavares, Monsenhor"}]},{"@type":"WebSite","@id":"https:\/\/funerariaferreira.pt\/#website","url":"https:\/\/funerariaferreira.pt\/","name":"Agencia Funer\u00e1ria Ferreira - Ponta Delgada - S\u00e3o Miguel - A\u00e7ores","description":"","potentialAction":[{"@type":"SearchAction","target":{"@type":"EntryPoint","urlTemplate":"https:\/\/funerariaferreira.pt\/?s={search_term_string}"},"query-input":{"@type":"PropertyValueSpecification","valueRequired":true,"valueName":"search_term_string"}}],"inLanguage":"en-US"}]}},"_links":{"self":[{"href":"https:\/\/funerariaferreira.pt\/en\/wp-json\/wp\/v2\/pages\/1638","targetHints":{"allow":["GET"]}}],"collection":[{"href":"https:\/\/funerariaferreira.pt\/en\/wp-json\/wp\/v2\/pages"}],"about":[{"href":"https:\/\/funerariaferreira.pt\/en\/wp-json\/wp\/v2\/types\/page"}],"author":[{"embeddable":true,"href":"https:\/\/funerariaferreira.pt\/en\/wp-json\/wp\/v2\/users\/1"}],"replies":[{"embeddable":true,"href":"https:\/\/funerariaferreira.pt\/en\/wp-json\/wp\/v2\/comments?post=1638"}],"version-history":[{"count":11,"href":"https:\/\/funerariaferreira.pt\/en\/wp-json\/wp\/v2\/pages\/1638\/revisions"}],"predecessor-version":[{"id":6045,"href":"https:\/\/funerariaferreira.pt\/en\/wp-json\/wp\/v2\/pages\/1638\/revisions\/6045"}],"wp:attachment":[{"href":"https:\/\/funerariaferreira.pt\/en\/wp-json\/wp\/v2\/media?parent=1638"}],"curies":[{"name":"wp","href":"https:\/\/api.w.org\/{rel}","templated":true}]}}

<p style="text-align: justify;"><span style="color: initial; font-size: revert;"><img loading="lazy" decoding="async" class="alignleft size-medium wp-image-5827" src="https://funerariaferreira.pt/wp-content/uploads/2026/01/agostinho-tavares-monsenhor-v2-1536-x-2048-1-225x300.png" alt="Agostinho Tavares, Monsenhor" width="225" height="300" srcset="https://funerariaferreira.pt/wp-content/uploads/2026/01/agostinho-tavares-monsenhor-v2-1536-x-2048-1-225x300.png 225w, https://funerariaferreira.pt/wp-content/uploads/2026/01/agostinho-tavares-monsenhor-v2-1536-x-2048-1-768x1024.png 768w, https://funerariaferreira.pt/wp-content/uploads/2026/01/agostinho-tavares-monsenhor-v2-1536-x-2048-1-1152x1536.png 1152w, https://funerariaferreira.pt/wp-content/uploads/2026/01/agostinho-tavares-monsenhor-v2-1536-x-2048-1.png 1536w" sizes="auto, (max-width: 225px) 100vw, 225px" /></span></p>
<p data-path-to-node="0">Monsignor Agostinho do Couto Tavares, former rector of the Sanctuary of the Lord Holy Christ of Miracles (<span style="color: #0000ff;"><a style="color: #0000ff;" href="https://pt.wikipedia.org/wiki/Santo_Cristo_dos_Milagres"><i data-path-to-node="0" data-index-in-node="106">Senhor Santo Cristo dos Milagres</i></a></span>), passed away on 29 July 2015, at his home in Ponta Delgada, at the age of 85.</p>
<p data-path-to-node="1">Born on 23 July 1930, in the parish of Maia, in the municipality of Ribeira Grande, he graduated from the Episcopal Seminary of Angra. He served as Prefect of Studies and Rector of the Minor Seminary of Ponta Delgada, where he taught Portuguese, Catholic Moral and Religious Education, and Physical Education.</p>
<p data-path-to-node="2">He introduced the Charismatic Renewal Movement to the Diocese of Angra, serving as its spiritual assistant, and was an animator for the Cursillo Movement in Ponta Delgada. He was also responsible for organising the visit of <span style="color: #0000ff;"><a style="color: #0000ff;" href="https://pt.wikipedia.org/wiki/Papa_Jo%C3%A3o_Paulo_II">Pope John Paul II</a></span> to the Azores.</p>
<p data-path-to-node="3">With 62 years of priesthood, he served from March 1993 to August 2012 as the rector of the Sanctuary of the Lord Holy Christ of Miracles, being regarded as a missionary of the cult of the <i data-path-to-node="3" data-index-in-node="188">Senhor Santo Cristo</i> both within and outside the Azores.</p>
<p data-path-to-node="4">On 29 July, a first Eucharist was celebrated at the Sanctuary of the Lord Holy Christ of Miracles at 6:00 pm, followed by the celebration of the Solemn Vespers of the Office of the Dead at 9:00 pm. The church remained open until midnight and reopened at 7:00 am the following day for the usual 8:00 am Mass, with the body present. The procession then proceeded to the parish church of São José for the funeral ceremonies, presided over by the Episcopal Vicar for São Miguel, Cipriano Pacheco. At 10:00 am, the funeral Mass was held. Afterwards, the body was taken to his birthplace, Maia, in Ribeira Grande, where he was laid to rest.</p>

<!-- This site is optimized with the Yoast SEO plugin v27.1.1 - https://yoast.com/product/yoast-seo-wordpress/ -->
<title>Agostinho Tavares, Monsenhor - Agencia Funerária Ferreira - Ponta Delgada - São Miguel - Açores</title>
<meta name="description" content="A tribute to Monsignor Agostinho Tavares. Honouring the life, spiritual legacy, and dedication of an illustrious figure of the Azorean Church in São Miguel." />
<meta name="robots" content="index, follow, max-snippet:-1, max-image-preview:large, max-video-preview:-1" />
<link rel="canonical" href="https://funerariaferreira.pt/en/agostinho-tavares-monsenhor/" />
<meta property="og:locale" content="en_US" />
<meta property="og:type" content="article" />
<meta property="og:title" content="Agostinho Tavares, Monsenhor - Agencia Funerária Ferreira - Ponta Delgada - São Miguel - Açores" />
<meta property="og:description" content="A tribute to Monsignor Agostinho Tavares. Honouring the life, spiritual legacy, and dedication of an illustrious figure of the Azorean Church in São Miguel." />
<meta property="og:url" content="https://funerariaferreira.pt/en/agostinho-tavares-monsenhor/" />
<meta property="og:site_name" content="Agencia Funerária Ferreira - Ponta Delgada - São Miguel - Açores" />
<meta property="article:modified_time" content="2026-01-23T11:34:19+00:00" />
<meta property="og:image" content="https://funerariaferreira.pt/wp-content/uploads/2026/01/agostinho-tavares-monsenhor-v2-1536-x-2048-1-225x300.png" />
<meta name="twitter:card" content="summary_large_image" />
<meta name="twitter:label1" content="Est. reading time" />
	<meta name="twitter:data1" content="2 minutes" />
<script type="application/ld+json" class="yoast-schema-graph">{"@context":"https://schema.org","@graph":[{"@type":"WebPage","@id":"https://funerariaferreira.pt/en/agostinho-tavares-monsenhor/","url":"https://funerariaferreira.pt/en/agostinho-tavares-monsenhor/","name":"Agostinho Tavares, Monsenhor - Agencia Funerária Ferreira - Ponta Delgada - São Miguel - Açores","isPartOf":{"@id":"https://funerariaferreira.pt/#website"},"primaryImageOfPage":{"@id":"https://funerariaferreira.pt/en/agostinho-tavares-monsenhor/#primaryimage"},"image":{"@id":"https://funerariaferreira.pt/en/agostinho-tavares-monsenhor/#primaryimage"},"thumbnailUrl":"https://funerariaferreira.pt/wp-content/uploads/2026/01/agostinho-tavares-monsenhor-v2-1536-x-2048-1-225x300.png","datePublished":"2016-09-02T18:23:20+00:00","dateModified":"2026-01-23T11:34:19+00:00","description":"A tribute to Monsignor Agostinho Tavares. Honouring the life, spiritual legacy, and dedication of an illustrious figure of the Azorean Church in São Miguel.","breadcrumb":{"@id":"https://funerariaferreira.pt/en/agostinho-tavares-monsenhor/#breadcrumb"},"inLanguage":"en-US","potentialAction":[{"@type":"ReadAction","target":["https://funerariaferreira.pt/en/agostinho-tavares-monsenhor/"]}]},{"@type":"ImageObject","inLanguage":"en-US","@id":"https://funerariaferreira.pt/en/agostinho-tavares-monsenhor/#primaryimage","url":"https://funerariaferreira.pt/wp-content/uploads/2026/01/agostinho-tavares-monsenhor-v2-1536-x-2048-1-225x300.png","contentUrl":"https://funerariaferreira.pt/wp-content/uploads/2026/01/agostinho-tavares-monsenhor-v2-1536-x-2048-1-225x300.png"},{"@type":"BreadcrumbList","@id":"https://funerariaferreira.pt/en/agostinho-tavares-monsenhor/#breadcrumb","itemListElement":[{"@type":"ListItem","position":1,"name":"Home","item":"https://funerariaferreira.pt/"},{"@type":"ListItem","position":2,"name":"Agostinho Tavares, Monsenhor"}]},{"@type":"WebSite","@id":"https://funerariaferreira.pt/#website","url":"https://funerariaferreira.pt/","name":"Agencia Funerária Ferreira - Ponta Delgada - São Miguel - Açores","description":"","potentialAction":[{"@type":"SearchAction","target":{"@type":"EntryPoint","urlTemplate":"https://funerariaferreira.pt/?s={search_term_string}"},"query-input":{"@type":"PropertyValueSpecification","valueRequired":true,"valueName":"search_term_string"}}],"inLanguage":"en-US"}]}</script>
<!-- / Yoast SEO plugin. -->

Agostinho Tavares, Monsenhor - Agencia Funerária Ferreira - Ponta Delgada - São Miguel - Açores

A tribute to Monsignor Agostinho Tavares. Honouring the life, spiritual legacy, and dedication of an illustrious figure of the Azorean Church in São Miguel.

Agencia Funerária Ferreira - Ponta Delgada - São Miguel - Açores
