{"id":1700,"date":"2014-06-10T12:54:51","date_gmt":"2014-06-10T12:54:51","guid":{"rendered":"http:\/\/www.funerariaferreira.pt\/en\/padre-elias\/"},"modified":"2026-01-22T19:53:43","modified_gmt":"2026-01-22T19:53:43","slug":"padre-elias","status":"publish","type":"page","link":"https:\/\/funerariaferreira.pt\/en\/padre-elias\/","title":{"rendered":"Padre Elias"},"content":{"rendered":"<p><img loading=\"lazy\" decoding=\"async\" class=\"alignleft size-medium wp-image-6008\" src=\"https:\/\/funerariaferreira.pt\/wp-content\/uploads\/2026\/01\/padre-elias-v2-1536-x-2048-225x300.png\" alt=\"Father Elias (1926\u20131974) | Founder of Obra da Rua \u2013 Funer\u00e1ria Ferreira\" width=\"225\" height=\"300\" srcset=\"https:\/\/funerariaferreira.pt\/wp-content\/uploads\/2026\/01\/padre-elias-v2-1536-x-2048-225x300.png 225w, https:\/\/funerariaferreira.pt\/wp-content\/uploads\/2026\/01\/padre-elias-v2-1536-x-2048-768x1024.png 768w, https:\/\/funerariaferreira.pt\/wp-content\/uploads\/2026\/01\/padre-elias-v2-1536-x-2048-1152x1536.png 1152w, https:\/\/funerariaferreira.pt\/wp-content\/uploads\/2026\/01\/padre-elias-v2-1536-x-2048.png 1536w\" sizes=\"auto, (max-width: 225px) 100vw, 225px\" \/><\/p>\n<p data-path-to-node=\"0\">Father Elias Resendes de Andr\u00e9, founder and primary driving force behind the <strong><i data-path-to-node=\"0\" data-index-in-node=\"77\">Obra da Rua<\/i> <\/strong>in the Azores, passed away at the <i data-path-to-node=\"0\" data-index-in-node=\"123\">Cl\u00ednica do Bom Jesus<\/i> in Ponta Delgada on 10 June 1974, following a sudden illness, at the age of 47.<\/p>\n<p data-path-to-node=\"1\">Born in Faial da Terra on 21 August 1926, he entered the Seminary of Angra in 1942 and was ordained a priest on 1 June 1952, adopting the religious name <i data-path-to-node=\"1\" data-index-in-node=\"153\">Frei Elias do Monte Carmelo<\/i>.<\/p>\n<p data-path-to-node=\"2\">During his formation, he undertook an internship with Father Am\u00e9rico, the founder of the <strong><i data-path-to-node=\"2\" data-index-in-node=\"89\">Obra da Rua<\/i><\/strong> in mainland Portugal, a social solidarity institution dedicated to the care, education, and integration of children and young people deprived of a family environment. Inspired by this experience and under the direct guidance of <span style=\"color: #0000ff;\">Father Am\u00e9rico<\/span>, he founded the <strong><i data-path-to-node=\"2\" data-index-in-node=\"359\">Casa do Gaiato<\/i><\/strong> in Ponta Delgada, initiating the establishment of the <i data-path-to-node=\"2\" data-index-in-node=\"428\">Obra do Gaiato<\/i> in the Azores.<\/p>\n<p data-path-to-node=\"3\">Following the death of <span style=\"color: #0000ff;\">Father Am\u00e9rico<\/span>, he made the Azores branch autonomous, renaming it &#8220;<i data-path-to-node=\"3\" data-index-in-node=\"90\">Obra da Rua<\/i>&#8221; and promoting its consolidation and expansion. Under his leadership, the <strong><i data-path-to-node=\"3\" data-index-in-node=\"176\">Casa do Gaiato<\/i><\/strong> extended its reach to the islands of Faial and Terceira, playing a prominent role in the social and educational support of vulnerable youth.<\/p>\n<p data-path-to-node=\"4\">He also founded the newspaper <strong><i data-path-to-node=\"4\" data-index-in-node=\"31\">O Ap\u00f3stolo da Rua<\/i>\u00a0<\/strong>as a vehicle to disseminate the mission and values of the Work. Simultaneously, he implemented several social responses that were innovative for the time, namely the <i data-path-to-node=\"4\" data-index-in-node=\"216\"><strong>Calv\u00e1rio<\/strong><\/i>, for incurable patients without family support, the <strong><i data-path-to-node=\"4\" data-index-in-node=\"277\">Ninho<\/i><\/strong>, for children between the ages of three and six, and the <i data-path-to-node=\"4\" data-index-in-node=\"340\"><strong>Lar do Gaiato<\/strong><\/i>, for young men studying or working in Ponta Delgada.<\/p>\n<p data-path-to-node=\"5\">In recognition of his human, social, and pastoral contributions, his birthplace, Faial da Terra, perpetuated his memory with the placement of a commemorative bust, witnessing the community&#8217;s appreciation for the work developed during his short but intense priestly life.<\/p>\n<p data-path-to-node=\"6\">His funeral took place on 11 June 1974, following a Requiem Mass co-celebrated by approximately fifty priests at the Church of the <i data-path-to-node=\"6\" data-index-in-node=\"131\">Imaculado Cora\u00e7\u00e3o de Maria<\/i> in Ponta Delgada, from where the procession proceeded to the S\u00e3o Joaquim Cemetery.<\/p>\n","protected":false},"excerpt":{"rendered":"<p>Father Elias Resendes de Andr\u00e9, founder and primary driving force behind the Obra da Rua in the Azores, passed away at the Cl\u00ednica do Bom Jesus in Ponta Delgada on 10 June 1974, following a sudden illness, at the age of 47. Born in Faial da Terra on 21 August 1926, he entered the Seminary [&hellip;]<\/p>\n","protected":false},"author":1,"featured_media":0,"parent":0,"menu_order":0,"comment_status":"open","ping_status":"open","template":"","meta":{"_acf_changed":false,"footnotes":""},"class_list":["post-1700","page","type-page","status-publish","hentry"],"acf":[],"yoast_head":"<!-- This site is optimized with the Yoast SEO plugin v27.1.1 - https:\/\/yoast.com\/product\/yoast-seo-wordpress\/ -->\n<title>Padre Elias - Agencia Funer\u00e1ria Ferreira - Ponta Delgada - S\u00e3o Miguel - A\u00e7ores<\/title>\n<meta name=\"description\" content=\"Memorial of Father Elias Resendes de Andr\u00e9 (1926-1974), founder of Obra da Rua in the Azores. Discover his legacy of social support in S\u00e3o Miguel and Faial.\" \/>\n<meta name=\"robots\" content=\"index, follow, max-snippet:-1, max-image-preview:large, max-video-preview:-1\" \/>\n<link rel=\"canonical\" href=\"https:\/\/funerariaferreira.pt\/en\/padre-elias\/\" \/>\n<meta property=\"og:locale\" content=\"en_US\" \/>\n<meta property=\"og:type\" content=\"article\" \/>\n<meta property=\"og:title\" content=\"Padre Elias - Agencia Funer\u00e1ria Ferreira - Ponta Delgada - S\u00e3o Miguel - A\u00e7ores\" \/>\n<meta property=\"og:description\" content=\"Memorial of Father Elias Resendes de Andr\u00e9 (1926-1974), founder of Obra da Rua in the Azores. Discover his legacy of social support in S\u00e3o Miguel and Faial.\" \/>\n<meta property=\"og:url\" content=\"https:\/\/funerariaferreira.pt\/en\/padre-elias\/\" \/>\n<meta property=\"og:site_name\" content=\"Agencia Funer\u00e1ria Ferreira - Ponta Delgada - S\u00e3o Miguel - A\u00e7ores\" \/>\n<meta property=\"article:modified_time\" content=\"2026-01-22T19:53:43+00:00\" \/>\n<meta property=\"og:image\" content=\"https:\/\/funerariaferreira.pt\/wp-content\/uploads\/2026\/01\/padre-elias-v2-1536-x-2048-225x300.png\" \/>\n<meta name=\"twitter:card\" content=\"summary_large_image\" \/>\n<meta name=\"twitter:label1\" content=\"Est. reading time\" \/>\n\t<meta name=\"twitter:data1\" content=\"3 minutes\" \/>\n<script type=\"application\/ld+json\" class=\"yoast-schema-graph\">{\"@context\":\"https:\/\/schema.org\",\"@graph\":[{\"@type\":\"WebPage\",\"@id\":\"https:\/\/funerariaferreira.pt\/en\/padre-elias\/\",\"url\":\"https:\/\/funerariaferreira.pt\/en\/padre-elias\/\",\"name\":\"Padre Elias - Agencia Funer\u00e1ria Ferreira - Ponta Delgada - S\u00e3o Miguel - A\u00e7ores\",\"isPartOf\":{\"@id\":\"https:\/\/funerariaferreira.pt\/#website\"},\"primaryImageOfPage\":{\"@id\":\"https:\/\/funerariaferreira.pt\/en\/padre-elias\/#primaryimage\"},\"image\":{\"@id\":\"https:\/\/funerariaferreira.pt\/en\/padre-elias\/#primaryimage\"},\"thumbnailUrl\":\"https:\/\/funerariaferreira.pt\/wp-content\/uploads\/2026\/01\/padre-elias-v2-1536-x-2048-225x300.png\",\"datePublished\":\"2014-06-10T12:54:51+00:00\",\"dateModified\":\"2026-01-22T19:53:43+00:00\",\"description\":\"Memorial of Father Elias Resendes de Andr\u00e9 (1926-1974), founder of Obra da Rua in the Azores. Discover his legacy of social support in S\u00e3o Miguel and Faial.\",\"breadcrumb\":{\"@id\":\"https:\/\/funerariaferreira.pt\/en\/padre-elias\/#breadcrumb\"},\"inLanguage\":\"en-US\",\"potentialAction\":[{\"@type\":\"ReadAction\",\"target\":[\"https:\/\/funerariaferreira.pt\/en\/padre-elias\/\"]}]},{\"@type\":\"ImageObject\",\"inLanguage\":\"en-US\",\"@id\":\"https:\/\/funerariaferreira.pt\/en\/padre-elias\/#primaryimage\",\"url\":\"https:\/\/funerariaferreira.pt\/wp-content\/uploads\/2026\/01\/padre-elias-v2-1536-x-2048-225x300.png\",\"contentUrl\":\"https:\/\/funerariaferreira.pt\/wp-content\/uploads\/2026\/01\/padre-elias-v2-1536-x-2048-225x300.png\"},{\"@type\":\"BreadcrumbList\",\"@id\":\"https:\/\/funerariaferreira.pt\/en\/padre-elias\/#breadcrumb\",\"itemListElement\":[{\"@type\":\"ListItem\",\"position\":1,\"name\":\"Home\",\"item\":\"https:\/\/funerariaferreira.pt\/\"},{\"@type\":\"ListItem\",\"position\":2,\"name\":\"Padre Elias\"}]},{\"@type\":\"WebSite\",\"@id\":\"https:\/\/funerariaferreira.pt\/#website\",\"url\":\"https:\/\/funerariaferreira.pt\/\",\"name\":\"Agencia Funer\u00e1ria Ferreira - Ponta Delgada - S\u00e3o Miguel - A\u00e7ores\",\"description\":\"\",\"potentialAction\":[{\"@type\":\"SearchAction\",\"target\":{\"@type\":\"EntryPoint\",\"urlTemplate\":\"https:\/\/funerariaferreira.pt\/?s={search_term_string}\"},\"query-input\":{\"@type\":\"PropertyValueSpecification\",\"valueRequired\":true,\"valueName\":\"search_term_string\"}}],\"inLanguage\":\"en-US\"}]}<\/script>\n<!-- \/ Yoast SEO plugin. -->","yoast_head_json":{"title":"Padre Elias - Agencia Funer\u00e1ria Ferreira - Ponta Delgada - S\u00e3o Miguel - A\u00e7ores","description":"Memorial of Father Elias Resendes de Andr\u00e9 (1926-1974), founder of Obra da Rua in the Azores. Discover his legacy of social support in S\u00e3o Miguel and Faial.","robots":{"index":"index","follow":"follow","max-snippet":"max-snippet:-1","max-image-preview":"max-image-preview:large","max-video-preview":"max-video-preview:-1"},"canonical":"https:\/\/funerariaferreira.pt\/en\/padre-elias\/","og_locale":"en_US","og_type":"article","og_title":"Padre Elias - Agencia Funer\u00e1ria Ferreira - Ponta Delgada - S\u00e3o Miguel - A\u00e7ores","og_description":"Memorial of Father Elias Resendes de Andr\u00e9 (1926-1974), founder of Obra da Rua in the Azores. Discover his legacy of social support in S\u00e3o Miguel and Faial.","og_url":"https:\/\/funerariaferreira.pt\/en\/padre-elias\/","og_site_name":"Agencia Funer\u00e1ria Ferreira - Ponta Delgada - S\u00e3o Miguel - A\u00e7ores","article_modified_time":"2026-01-22T19:53:43+00:00","og_image":[{"url":"https:\/\/funerariaferreira.pt\/wp-content\/uploads\/2026\/01\/padre-elias-v2-1536-x-2048-225x300.png","type":"","width":"","height":""}],"twitter_card":"summary_large_image","twitter_misc":{"Est. reading time":"3 minutes"},"schema":{"@context":"https:\/\/schema.org","@graph":[{"@type":"WebPage","@id":"https:\/\/funerariaferreira.pt\/en\/padre-elias\/","url":"https:\/\/funerariaferreira.pt\/en\/padre-elias\/","name":"Padre Elias - Agencia Funer\u00e1ria Ferreira - Ponta Delgada - S\u00e3o Miguel - A\u00e7ores","isPartOf":{"@id":"https:\/\/funerariaferreira.pt\/#website"},"primaryImageOfPage":{"@id":"https:\/\/funerariaferreira.pt\/en\/padre-elias\/#primaryimage"},"image":{"@id":"https:\/\/funerariaferreira.pt\/en\/padre-elias\/#primaryimage"},"thumbnailUrl":"https:\/\/funerariaferreira.pt\/wp-content\/uploads\/2026\/01\/padre-elias-v2-1536-x-2048-225x300.png","datePublished":"2014-06-10T12:54:51+00:00","dateModified":"2026-01-22T19:53:43+00:00","description":"Memorial of Father Elias Resendes de Andr\u00e9 (1926-1974), founder of Obra da Rua in the Azores. Discover his legacy of social support in S\u00e3o Miguel and Faial.","breadcrumb":{"@id":"https:\/\/funerariaferreira.pt\/en\/padre-elias\/#breadcrumb"},"inLanguage":"en-US","potentialAction":[{"@type":"ReadAction","target":["https:\/\/funerariaferreira.pt\/en\/padre-elias\/"]}]},{"@type":"ImageObject","inLanguage":"en-US","@id":"https:\/\/funerariaferreira.pt\/en\/padre-elias\/#primaryimage","url":"https:\/\/funerariaferreira.pt\/wp-content\/uploads\/2026\/01\/padre-elias-v2-1536-x-2048-225x300.png","contentUrl":"https:\/\/funerariaferreira.pt\/wp-content\/uploads\/2026\/01\/padre-elias-v2-1536-x-2048-225x300.png"},{"@type":"BreadcrumbList","@id":"https:\/\/funerariaferreira.pt\/en\/padre-elias\/#breadcrumb","itemListElement":[{"@type":"ListItem","position":1,"name":"Home","item":"https:\/\/funerariaferreira.pt\/"},{"@type":"ListItem","position":2,"name":"Padre Elias"}]},{"@type":"WebSite","@id":"https:\/\/funerariaferreira.pt\/#website","url":"https:\/\/funerariaferreira.pt\/","name":"Agencia Funer\u00e1ria Ferreira - Ponta Delgada - S\u00e3o Miguel - A\u00e7ores","description":"","potentialAction":[{"@type":"SearchAction","target":{"@type":"EntryPoint","urlTemplate":"https:\/\/funerariaferreira.pt\/?s={search_term_string}"},"query-input":{"@type":"PropertyValueSpecification","valueRequired":true,"valueName":"search_term_string"}}],"inLanguage":"en-US"}]}},"_links":{"self":[{"href":"https:\/\/funerariaferreira.pt\/en\/wp-json\/wp\/v2\/pages\/1700","targetHints":{"allow":["GET"]}}],"collection":[{"href":"https:\/\/funerariaferreira.pt\/en\/wp-json\/wp\/v2\/pages"}],"about":[{"href":"https:\/\/funerariaferreira.pt\/en\/wp-json\/wp\/v2\/types\/page"}],"author":[{"embeddable":true,"href":"https:\/\/funerariaferreira.pt\/en\/wp-json\/wp\/v2\/users\/1"}],"replies":[{"embeddable":true,"href":"https:\/\/funerariaferreira.pt\/en\/wp-json\/wp\/v2\/comments?post=1700"}],"version-history":[{"count":2,"href":"https:\/\/funerariaferreira.pt\/en\/wp-json\/wp\/v2\/pages\/1700\/revisions"}],"predecessor-version":[{"id":6010,"href":"https:\/\/funerariaferreira.pt\/en\/wp-json\/wp\/v2\/pages\/1700\/revisions\/6010"}],"wp:attachment":[{"href":"https:\/\/funerariaferreira.pt\/en\/wp-json\/wp\/v2\/media?parent=1700"}],"curies":[{"name":"wp","href":"https:\/\/api.w.org\/{rel}","templated":true}]}}

<p><img loading="lazy" decoding="async" class="alignleft size-medium wp-image-6008" src="https://funerariaferreira.pt/wp-content/uploads/2026/01/padre-elias-v2-1536-x-2048-225x300.png" alt="Father Elias (1926–1974) | Founder of Obra da Rua – Funerária Ferreira" width="225" height="300" srcset="https://funerariaferreira.pt/wp-content/uploads/2026/01/padre-elias-v2-1536-x-2048-225x300.png 225w, https://funerariaferreira.pt/wp-content/uploads/2026/01/padre-elias-v2-1536-x-2048-768x1024.png 768w, https://funerariaferreira.pt/wp-content/uploads/2026/01/padre-elias-v2-1536-x-2048-1152x1536.png 1152w, https://funerariaferreira.pt/wp-content/uploads/2026/01/padre-elias-v2-1536-x-2048.png 1536w" sizes="auto, (max-width: 225px) 100vw, 225px" /></p>
<p data-path-to-node="0">Father Elias Resendes de André, founder and primary driving force behind the <strong><i data-path-to-node="0" data-index-in-node="77">Obra da Rua</i> </strong>in the Azores, passed away at the <i data-path-to-node="0" data-index-in-node="123">Clínica do Bom Jesus</i> in Ponta Delgada on 10 June 1974, following a sudden illness, at the age of 47.</p>
<p data-path-to-node="1">Born in Faial da Terra on 21 August 1926, he entered the Seminary of Angra in 1942 and was ordained a priest on 1 June 1952, adopting the religious name <i data-path-to-node="1" data-index-in-node="153">Frei Elias do Monte Carmelo</i>.</p>
<p data-path-to-node="2">During his formation, he undertook an internship with Father Américo, the founder of the <strong><i data-path-to-node="2" data-index-in-node="89">Obra da Rua</i></strong> in mainland Portugal, a social solidarity institution dedicated to the care, education, and integration of children and young people deprived of a family environment. Inspired by this experience and under the direct guidance of <span style="color: #0000ff;">Father Américo</span>, he founded the <strong><i data-path-to-node="2" data-index-in-node="359">Casa do Gaiato</i></strong> in Ponta Delgada, initiating the establishment of the <i data-path-to-node="2" data-index-in-node="428">Obra do Gaiato</i> in the Azores.</p>
<p data-path-to-node="3">Following the death of <span style="color: #0000ff;">Father Américo</span>, he made the Azores branch autonomous, renaming it &#8220;<i data-path-to-node="3" data-index-in-node="90">Obra da Rua</i>&#8221; and promoting its consolidation and expansion. Under his leadership, the <strong><i data-path-to-node="3" data-index-in-node="176">Casa do Gaiato</i></strong> extended its reach to the islands of Faial and Terceira, playing a prominent role in the social and educational support of vulnerable youth.</p>
<p data-path-to-node="4">He also founded the newspaper <strong><i data-path-to-node="4" data-index-in-node="31">O Apóstolo da Rua</i> </strong>as a vehicle to disseminate the mission and values of the Work. Simultaneously, he implemented several social responses that were innovative for the time, namely the <i data-path-to-node="4" data-index-in-node="216"><strong>Calvário</strong></i>, for incurable patients without family support, the <strong><i data-path-to-node="4" data-index-in-node="277">Ninho</i></strong>, for children between the ages of three and six, and the <i data-path-to-node="4" data-index-in-node="340"><strong>Lar do Gaiato</strong></i>, for young men studying or working in Ponta Delgada.</p>
<p data-path-to-node="5">In recognition of his human, social, and pastoral contributions, his birthplace, Faial da Terra, perpetuated his memory with the placement of a commemorative bust, witnessing the community&#8217;s appreciation for the work developed during his short but intense priestly life.</p>
<p data-path-to-node="6">His funeral took place on 11 June 1974, following a Requiem Mass co-celebrated by approximately fifty priests at the Church of the <i data-path-to-node="6" data-index-in-node="131">Imaculado Coração de Maria</i> in Ponta Delgada, from where the procession proceeded to the São Joaquim Cemetery.</p>

<p>Father Elias Resendes de André, founder and primary driving force behind the Obra da Rua in the Azores, passed away at the Clínica do Bom Jesus in Ponta Delgada on 10 June 1974, following a sudden illness, at the age of 47. Born in Faial da Terra on 21 August 1926, he entered the Seminary [&hellip;]</p>

<!-- This site is optimized with the Yoast SEO plugin v27.1.1 - https://yoast.com/product/yoast-seo-wordpress/ -->
<title>Padre Elias - Agencia Funerária Ferreira - Ponta Delgada - São Miguel - Açores</title>
<meta name="description" content="Memorial of Father Elias Resendes de André (1926-1974), founder of Obra da Rua in the Azores. Discover his legacy of social support in São Miguel and Faial." />
<meta name="robots" content="index, follow, max-snippet:-1, max-image-preview:large, max-video-preview:-1" />
<link rel="canonical" href="https://funerariaferreira.pt/en/padre-elias/" />
<meta property="og:locale" content="en_US" />
<meta property="og:type" content="article" />
<meta property="og:title" content="Padre Elias - Agencia Funerária Ferreira - Ponta Delgada - São Miguel - Açores" />
<meta property="og:description" content="Memorial of Father Elias Resendes de André (1926-1974), founder of Obra da Rua in the Azores. Discover his legacy of social support in São Miguel and Faial." />
<meta property="og:url" content="https://funerariaferreira.pt/en/padre-elias/" />
<meta property="og:site_name" content="Agencia Funerária Ferreira - Ponta Delgada - São Miguel - Açores" />
<meta property="article:modified_time" content="2026-01-22T19:53:43+00:00" />
<meta property="og:image" content="https://funerariaferreira.pt/wp-content/uploads/2026/01/padre-elias-v2-1536-x-2048-225x300.png" />
<meta name="twitter:card" content="summary_large_image" />
<meta name="twitter:label1" content="Est. reading time" />
	<meta name="twitter:data1" content="3 minutes" />
<script type="application/ld+json" class="yoast-schema-graph">{"@context":"https://schema.org","@graph":[{"@type":"WebPage","@id":"https://funerariaferreira.pt/en/padre-elias/","url":"https://funerariaferreira.pt/en/padre-elias/","name":"Padre Elias - Agencia Funerária Ferreira - Ponta Delgada - São Miguel - Açores","isPartOf":{"@id":"https://funerariaferreira.pt/#website"},"primaryImageOfPage":{"@id":"https://funerariaferreira.pt/en/padre-elias/#primaryimage"},"image":{"@id":"https://funerariaferreira.pt/en/padre-elias/#primaryimage"},"thumbnailUrl":"https://funerariaferreira.pt/wp-content/uploads/2026/01/padre-elias-v2-1536-x-2048-225x300.png","datePublished":"2014-06-10T12:54:51+00:00","dateModified":"2026-01-22T19:53:43+00:00","description":"Memorial of Father Elias Resendes de André (1926-1974), founder of Obra da Rua in the Azores. Discover his legacy of social support in São Miguel and Faial.","breadcrumb":{"@id":"https://funerariaferreira.pt/en/padre-elias/#breadcrumb"},"inLanguage":"en-US","potentialAction":[{"@type":"ReadAction","target":["https://funerariaferreira.pt/en/padre-elias/"]}]},{"@type":"ImageObject","inLanguage":"en-US","@id":"https://funerariaferreira.pt/en/padre-elias/#primaryimage","url":"https://funerariaferreira.pt/wp-content/uploads/2026/01/padre-elias-v2-1536-x-2048-225x300.png","contentUrl":"https://funerariaferreira.pt/wp-content/uploads/2026/01/padre-elias-v2-1536-x-2048-225x300.png"},{"@type":"BreadcrumbList","@id":"https://funerariaferreira.pt/en/padre-elias/#breadcrumb","itemListElement":[{"@type":"ListItem","position":1,"name":"Home","item":"https://funerariaferreira.pt/"},{"@type":"ListItem","position":2,"name":"Padre Elias"}]},{"@type":"WebSite","@id":"https://funerariaferreira.pt/#website","url":"https://funerariaferreira.pt/","name":"Agencia Funerária Ferreira - Ponta Delgada - São Miguel - Açores","description":"","potentialAction":[{"@type":"SearchAction","target":{"@type":"EntryPoint","urlTemplate":"https://funerariaferreira.pt/?s={search_term_string}"},"query-input":{"@type":"PropertyValueSpecification","valueRequired":true,"valueName":"search_term_string"}}],"inLanguage":"en-US"}]}</script>
<!-- / Yoast SEO plugin. -->

Padre Elias - Agencia Funerária Ferreira - Ponta Delgada - São Miguel - Açores

Memorial of Father Elias Resendes de André (1926-1974), founder of Obra da Rua in the Azores. Discover his legacy of social support in São Miguel and Faial.

Agencia Funerária Ferreira - Ponta Delgada - São Miguel - Açores
